{"id":184,"date":"2022-03-06T21:06:05","date_gmt":"2022-03-07T05:06:05","guid":{"rendered":"https:\/\/labs.wsu.edu\/essential\/?page_id=184"},"modified":"2022-04-20T13:55:48","modified_gmt":"2022-04-20T20:55:48","slug":"anita","status":"publish","type":"page","link":"https:\/\/labs.wsu.edu\/essential\/anita\/","title":{"rendered":"Anita"},"content":{"rendered":"\n<p class=\"has-text-color\" style=\"color:#981e32;font-size:18px\"><a href=\"#Espanol-About\">En espa\u00f1ol<\/a><\/p>\n\n\n\n<div class=\"wp-block-columns is-layout-flex wp-container-3\">\n<div class=\"wp-block-column is-layout-flow\">\n<figure class=\"wp-block-image size-large is-resized\"><img decoding=\"async\" loading=\"lazy\" src=\"https:\/\/s3.wp.wsu.edu\/uploads\/sites\/2921\/2022\/02\/AG_Photo_7Aug21.jpg\" alt=\"\" class=\"wp-image-189\" width=\"360\" height=\"480\" \/><\/figure>\n<\/div>\n\n\n\n<div class=\"wp-block-column is-layout-flow\">\n<h2 class=\"has-text-color wp-block-heading\" style=\"color:#981e32;font-size:24px\">Anita<\/h2>\n\n\n\n<p class=\"has-normal-font-size\"><strong>Entering the circle<\/strong><\/p>\n\n\n\n<p><\/p>\n\n\n\n<p>&#8220;<em>I felt panicked not being able to comply with the expectations, with what was expected, because well, we\u2019d never found ourselves with a challenge like this.<\/em>&#8220;<\/p>\n\n\n\n<p class=\"has-text-color\" style=\"color:#981e32;font-size:18px\"><\/p>\n<\/div>\n<\/div>\n\n\n\n<h2 class=\"has-normal-font-size wp-block-heading\"><strong>About My Picture<\/strong><\/h2>\n\n\n\n<p><em>The picture is of the kids outside, it\u2019s an outside activity. It was taken last year, more or less around this time, I think, because the kids were on school vacation. It\u2019s an activity where they have little figures, in yellow, blue, and red, and a little receptacle, each one with a color. They are separating the figures into their receptacles by the color, and counting how many figures they are putting in. Then, after they\u2019ve separated the figures, I have them group them in fives, in tens. And in that way, they\u2019re learning, we\u2019re practicing math. And they learn values, they learn grouping, and after, it\u2019s talking together, the open-ended questions I ask them, dialogue among them.<\/em><\/p>\n\n\n\n<p><em>Well, [it\u2019s] different [now] in the sense that they are a bit more separated, and we\u2019re in the outside area, I decided to do it outside this time. Usually the group activities, we always have them indoors. Only if it\u2019s springtime then we\u2019re outside, but in this time it was about doing all the group activities outdoors. The reason being oxygen, contagion, and so that they had more, like, fresh air. Well, because of the oxygen, more than anything, now that we were in COVID times and trying to, if we were going to be in groups, well, a little more of fresh, open air.<\/em><\/p>\n\n\n\n<p><em>The kids are working excellently. They understand what they are doing, what the activity is, what is expected with the activity. It\u2019s a little, like, it gets you to see them with their masks, doesn\u2019t it? More than anything, I like [the photo] because they came to understand that we were going through a pandemic, that it was for our health, that we had to take care of ourselves. \u2026 only one child, a little on the younger side, he was the only one that I had to [tell] a lot \u201ccan you keep your mask on?\u201d because he pulls it below his nose, it was, \u201ccan you keep your mask on?\u201d But the photo, as I said, yeah, it\u2019s impactful, seeing that they are there with their masks on, but, yeah, I love the way that they are working on it, understanding the activity that they\u2019re doing.<\/em><\/p>\n\n\n\n<p><\/p>\n\n\n\n<p class=\"has-normal-font-size\"><strong>Our Interview with Anita<\/strong><\/p>\n\n\n\n<p>Anita has been a childcare provider for 19 years. She prefers preschoolers because \u201cthe teaching and everything is based on just one level.\u201d During the pandemic, however, one child\u2019s mother had a baby and hoped that Anita would care for her infant. Anita initially resisted, saying, \u201c\u2026a baby means spending a lot more time, more commitment\u2026it does change my routine a little with the other kids.\u201d When the mother told Anita that she would need to remove her older child from Anita\u2019s care to be in a new setting with her infant, so the siblings could stay together, Anita said, \u201cI ended up folding completely\u2026I said, okay, bring him here.\u201d<\/p>\n\n\n\n<p>Alongside caring for an infant, Anita was adjusting to the additional work required to \u201cmanage all the kids, together with a major pandemic\u201d. At first, she felt panicked and \u201ca little bit afraid of not being able to comply with all the requirements.\u201d She also noticed how the children reacted to new procedures and routines, including anger at not being able to do things they had previously, like bringing their pillows and lying down together in a circle.<\/p>\n\n\n\n<p>At one point, the adjustments became so overwhelming that Anita feared she might have to close. But she felt a calling to stay the course, saying about the school closures, \u201cWhen the kids left school, I said no, I can\u2019t close, because this is the time that they need it most.\u201d She added, \u201clittle by little, one goes adjusting to it and following the routine\u2026it\u2019s what makes a person enter into the circle\u2026being able to adjust little by little.\u201d<\/p>\n\n\n\n<p id=\"Espanol-About\"><em>From full interview transcript of 2,568 words<\/em><\/p>\n\n\n\n<div style=\"height:30px\" aria-hidden=\"true\" class=\"wp-block-spacer\"><\/div>\n\n\n\n<div class=\"wp-block-columns is-layout-flex wp-container-6\">\n<div class=\"wp-block-column is-layout-flow\" style=\"flex-basis:50%\">\n<figure class=\"wp-block-image size-large is-resized\"><img decoding=\"async\" loading=\"lazy\" src=\"https:\/\/s3.wp.wsu.edu\/uploads\/sites\/2921\/2022\/02\/AG_Photo_7Aug21.jpg\" alt=\"\" class=\"wp-image-189\" width=\"360\" height=\"480\" \/><\/figure>\n<\/div>\n\n\n\n<div class=\"wp-block-column is-layout-flow\" style=\"flex-basis:50%\">\n<h2 class=\"has-text-color wp-block-heading\" id=\"Espanol-About\" style=\"color:#981e32;font-size:24px\">Anita<\/h2>\n\n\n\n<p class=\"has-normal-font-size\"><strong>Entrando al c\u00edrculo<\/strong><\/p>\n\n\n\n<p><\/p>\n\n\n\n<p><em>&#8220;Me dio p\u00e1nico no poder cumplir con las expectativas, con lo que se esperaba, porque, pues, nunca nos hab\u00edamos visto en un reto as\u00ed.&#8221;<\/em><\/p>\n\n\n\n<p><\/p>\n<\/div>\n<\/div>\n\n\n\n<figure class=\"wp-block-audio\"><audio controls src=\"https:\/\/s3.wp.wsu.edu\/uploads\/sites\/2921\/2022\/04\/anita.mp3\"><\/audio><\/figure>\n\n\n\n<h2 class=\"has-normal-font-size wp-block-heading\"><strong>Sobre Mi Foto<\/strong><\/h2>\n\n\n\n<p><em>La foto, est\u00e1n los ni\u00f1os afuera, es una actividad afuera. Fue tomada el a\u00f1o pasado, m\u00e1s o menos alrededor de este tiempo, yo creo, porque ya los ni\u00f1os estaban de vacaciones de escuela. Es una actividad donde tienen figuritas de colores amarillos, azules, rojas y un botecito, cada quien de un color. Ellos est\u00e1n separando las figuras en su bote por el color y contando cu\u00e1ntas figuritas se est\u00e1n metiendo adentro. Luego ya que separan las figuras, los pongo a que me agrupen de cinco en cinco, de diez en diez. As\u00ed pues, ah\u00ed est\u00e1n aprendiendo, estamos practicando matem\u00e1tica. Y aprenden valores, aprenden agrupaciones y despu\u00e9s el convivio, las preguntas abiertas que les hago, di\u00e1logo entre ellos.<\/em><\/p>\n\n\n\n<p><em>Pues, [es] diferente [ahora] en el sentido que est\u00e1n un poquito m\u00e1s separados, y que estamos en el \u00e1rea de afuera, ahora eleg\u00ed hacerlo afuera. Por lo regular las actividades en grupo siempre las tenemos adentro. Solo que sea en tiempo de tiempo de primavera ya estamos afuera, pero en este tiempo trataba de todas las actividades que eran grupales, hacerlas afuera. La raz\u00f3n del ox\u00edgeno, el contagio y pues que tuvieran m\u00e1s, como, al aire libre. Pues, por el ox\u00edgeno m\u00e1s que nada, ahora que nos toc\u00f3 el tiempo del COVID y tratar de que, si nos \u00edbamos a estar en grupo, pues un poquito m\u00e1s de aire fresco, libre.<\/em><\/p>\n\n\n\n<p><em>Los ni\u00f1os trabajan excelente. Entienden lo que hacen, lo que es la actividad, lo que se espera de la actividad. Es un poquito, as\u00ed como que te impacta verlos con su cubrebocas, \u00bfverdad? Mas que nada, me gusta [la foto] porque ellos alcanzaron a comprender que est\u00e1bamos pasando por una pandemia, que era por salud, que tenemos que cuidarnos. \u2026 solamente un ni\u00f1o, un poco m\u00e1s chiquito, era \u00e9l que seguido ten\u00eda que [decir], \u201c\u00bfpuedes conservar tu cubrebocas?,\u201d porque \u00e9l se lo baja de su nariz, era de que \u201c\u00bfpuedes conservar tu cubrebocas?\u201d Pero la foto, digo, s\u00ed te impacta ver que est\u00e1n con su cubrebocas, pero, pues, me encanta la manera en la que ellos trabajan en aquello, comprendiendo la actividad que est\u00e1n haciendo.<\/em><\/p>\n\n\n\n<p><\/p>\n\n\n\n<p class=\"has-normal-font-size\"><strong>Nuestra Entrevista con Anita<\/strong><\/p>\n\n\n\n<p>Anita tiene 19 a\u00f1os de ser proveedora de cuidado infantil. Ella prefiere a los ni\u00f1os preescolares porque \u201cla ense\u00f1anza y todo se basa no m\u00e1s a un solo nivel.\u201d Durante la pandemia, sin embargo, la madre de un ni\u00f1o dio a luz y esperaba que Anita le cuidara a su beb\u00e9. Al principio, Anita se resisti\u00f3, diciendo \u2026 \u201ctener un baby es dedicarle much\u00edsimo m\u00e1s tiempo, m\u00e1s compromiso &#8230; pues me cambia un poquito la rutina con los dem\u00e1s ni\u00f1os.\u201d Cuando la mam\u00e1 le dijo a Anita que iba a dar de baja a su hijo mayor para cambiar de ubicaci\u00f3n, donde pudieran estar juntos los hermanos, Anita dijo \u201cMe acab\u00e9 doblando definitivamente &#8230; le dije ok, tr\u00e1emelo, tr\u00e1emelo.\u201d<\/p>\n\n\n\n<p>Junto a cuidar a un beb\u00e9, Anita se ten\u00eda que ajustar al trabajo adicional que se requer\u00eda al \u201cjuntar a todos los ni\u00f1os con una pandemia tan fuerte.\u201d Al principio, sent\u00eda p\u00e1nico y le \u201cdaba un poquito de miedo de no poder yo cumplir con todos los requisitos que se necesitaban.\u201d Tambi\u00e9n notaba c\u00f3mo reaccionaban los ni\u00f1os ante los nuevos procedimientos y rutinas, incluyendo enojo al no poder hacer las cosas que sol\u00edan hacer anteriormente, como traer sus almohadas y acostarse juntos en un c\u00edrculo.<\/p>\n\n\n\n<p>En un momento dado, los ajustes se volvieron tan abrumadores que Anita tem\u00eda que tendr\u00eda que cerrar. Pero sinti\u00f3 un llamado de no aflojarse; sobre las clausuras escolares, ella coment\u00f3: \u201ccuando los ni\u00f1os salieron de la escuela, dije no, no puedo cerrar porque es el tiempo en el que ellos m\u00e1s lo necesitan.\u201d Ella agreg\u00f3, \u201cpoco a poco va uno acopl\u00e1ndose y siguiendo la rutina \u2026 es lo que lo hace a uno entrar en el c\u00edrculo \u2026 poderse uno ir acoplando poco a poquito.\u201d<\/p>\n\n\n\n<p><em>De la transcripci\u00f3n de la entrevista completa, de 2,568 palabras<\/em><\/p>\n\n\n\n<p><\/p>\n","protected":false},"excerpt":{"rendered":"<p>En espa\u00f1ol Anita Entering the circle &#8220;I felt panicked not being able to comply with the expectations, with what was expected, because well, we\u2019d never found ourselves with a challenge like this.&#8220; About My Picture The picture is of the kids outside, it\u2019s an outside activity. It was taken last year, more or less around [&hellip;]<\/p>\n","protected":false},"author":1999,"featured_media":0,"parent":0,"menu_order":0,"comment_status":"closed","ping_status":"closed","template":"","meta":[],"categories":[],"tags":[],"wsuwp_university_location":[],"wsuwp_university_org":[],"_links":{"self":[{"href":"https:\/\/labs.wsu.edu\/essential\/wp-json\/wp\/v2\/pages\/184"}],"collection":[{"href":"https:\/\/labs.wsu.edu\/essential\/wp-json\/wp\/v2\/pages"}],"about":[{"href":"https:\/\/labs.wsu.edu\/essential\/wp-json\/wp\/v2\/types\/page"}],"author":[{"embeddable":true,"href":"https:\/\/labs.wsu.edu\/essential\/wp-json\/wp\/v2\/users\/1999"}],"replies":[{"embeddable":true,"href":"https:\/\/labs.wsu.edu\/essential\/wp-json\/wp\/v2\/comments?post=184"}],"version-history":[{"count":50,"href":"https:\/\/labs.wsu.edu\/essential\/wp-json\/wp\/v2\/pages\/184\/revisions"}],"predecessor-version":[{"id":1066,"href":"https:\/\/labs.wsu.edu\/essential\/wp-json\/wp\/v2\/pages\/184\/revisions\/1066"}],"wp:attachment":[{"href":"https:\/\/labs.wsu.edu\/essential\/wp-json\/wp\/v2\/media?parent=184"}],"wp:term":[{"taxonomy":"category","embeddable":true,"href":"https:\/\/labs.wsu.edu\/essential\/wp-json\/wp\/v2\/categories?post=184"},{"taxonomy":"post_tag","embeddable":true,"href":"https:\/\/labs.wsu.edu\/essential\/wp-json\/wp\/v2\/tags?post=184"},{"taxonomy":"wsuwp_university_location","embeddable":true,"href":"https:\/\/labs.wsu.edu\/essential\/wp-json\/wp\/v2\/wsuwp_university_location?post=184"},{"taxonomy":"wsuwp_university_org","embeddable":true,"href":"https:\/\/labs.wsu.edu\/essential\/wp-json\/wp\/v2\/wsuwp_university_org?post=184"}],"curies":[{"name":"wp","href":"https:\/\/api.w.org\/{rel}","templated":true}]}}

<p class="has-text-color" style="color:#981e32;font-size:18px"><a href="#Espanol-About">En español</a></p>



<div class="wp-block-columns is-layout-flex wp-container-3">
<div class="wp-block-column is-layout-flow">
<figure class="wp-block-image size-large is-resized"><img decoding="async" loading="lazy" src="https://s3.wp.wsu.edu/uploads/sites/2921/2022/02/AG_Photo_7Aug21.jpg" alt="" class="wp-image-189" width="360" height="480" /></figure>
</div>



<div class="wp-block-column is-layout-flow">
<h2 class="has-text-color wp-block-heading" style="color:#981e32;font-size:24px">Anita</h2>



<p class="has-normal-font-size"><strong>Entering the circle</strong></p>



<p></p>



<p>&#8220;<em>I felt panicked not being able to comply with the expectations, with what was expected, because well, we’d never found ourselves with a challenge like this.</em>&#8220;</p>



<p class="has-text-color" style="color:#981e32;font-size:18px"></p>
</div>
</div>



<h2 class="has-normal-font-size wp-block-heading"><strong>About My Picture</strong></h2>



<p><em>The picture is of the kids outside, it’s an outside activity. It was taken last year, more or less around this time, I think, because the kids were on school vacation. It’s an activity where they have little figures, in yellow, blue, and red, and a little receptacle, each one with a color. They are separating the figures into their receptacles by the color, and counting how many figures they are putting in. Then, after they’ve separated the figures, I have them group them in fives, in tens. And in that way, they’re learning, we’re practicing math. And they learn values, they learn grouping, and after, it’s talking together, the open-ended questions I ask them, dialogue among them.</em></p>



<p><em>Well, [it’s] different [now] in the sense that they are a bit more separated, and we’re in the outside area, I decided to do it outside this time. Usually the group activities, we always have them indoors. Only if it’s springtime then we’re outside, but in this time it was about doing all the group activities outdoors. The reason being oxygen, contagion, and so that they had more, like, fresh air. Well, because of the oxygen, more than anything, now that we were in COVID times and trying to, if we were going to be in groups, well, a little more of fresh, open air.</em></p>



<p><em>The kids are working excellently. They understand what they are doing, what the activity is, what is expected with the activity. It’s a little, like, it gets you to see them with their masks, doesn’t it? More than anything, I like [the photo] because they came to understand that we were going through a pandemic, that it was for our health, that we had to take care of ourselves. … only one child, a little on the younger side, he was the only one that I had to [tell] a lot “can you keep your mask on?” because he pulls it below his nose, it was, “can you keep your mask on?” But the photo, as I said, yeah, it’s impactful, seeing that they are there with their masks on, but, yeah, I love the way that they are working on it, understanding the activity that they’re doing.</em></p>



<p></p>



<p class="has-normal-font-size"><strong>Our Interview with Anita</strong></p>



<p>Anita has been a childcare provider for 19 years. She prefers preschoolers because “the teaching and everything is based on just one level.” During the pandemic, however, one child’s mother had a baby and hoped that Anita would care for her infant. Anita initially resisted, saying, “…a baby means spending a lot more time, more commitment…it does change my routine a little with the other kids.” When the mother told Anita that she would need to remove her older child from Anita’s care to be in a new setting with her infant, so the siblings could stay together, Anita said, “I ended up folding completely…I said, okay, bring him here.”</p>



<p>Alongside caring for an infant, Anita was adjusting to the additional work required to “manage all the kids, together with a major pandemic”. At first, she felt panicked and “a little bit afraid of not being able to comply with all the requirements.” She also noticed how the children reacted to new procedures and routines, including anger at not being able to do things they had previously, like bringing their pillows and lying down together in a circle.</p>



<p>At one point, the adjustments became so overwhelming that Anita feared she might have to close. But she felt a calling to stay the course, saying about the school closures, “When the kids left school, I said no, I can’t close, because this is the time that they need it most.” She added, “little by little, one goes adjusting to it and following the routine…it’s what makes a person enter into the circle…being able to adjust little by little.”</p>



<p id="Espanol-About"><em>From full interview transcript of 2,568 words</em></p>



<div style="height:30px" aria-hidden="true" class="wp-block-spacer"></div>



<div class="wp-block-columns is-layout-flex wp-container-6">
<div class="wp-block-column is-layout-flow" style="flex-basis:50%">
<figure class="wp-block-image size-large is-resized"><img decoding="async" loading="lazy" src="https://s3.wp.wsu.edu/uploads/sites/2921/2022/02/AG_Photo_7Aug21.jpg" alt="" class="wp-image-189" width="360" height="480" /></figure>
</div>



<div class="wp-block-column is-layout-flow" style="flex-basis:50%">
<h2 class="has-text-color wp-block-heading" id="Espanol-About" style="color:#981e32;font-size:24px">Anita</h2>



<p class="has-normal-font-size"><strong>Entrando al círculo</strong></p>



<p></p>



<p><em>&#8220;Me dio pánico no poder cumplir con las expectativas, con lo que se esperaba, porque, pues, nunca nos habíamos visto en un reto así.&#8221;</em></p>



<p></p>
</div>
</div>



<figure class="wp-block-audio"><audio controls src="https://s3.wp.wsu.edu/uploads/sites/2921/2022/04/anita.mp3"></audio></figure>



<h2 class="has-normal-font-size wp-block-heading"><strong>Sobre Mi Foto</strong></h2>



<p><em>La foto, están los niños afuera, es una actividad afuera. Fue tomada el año pasado, más o menos alrededor de este tiempo, yo creo, porque ya los niños estaban de vacaciones de escuela. Es una actividad donde tienen figuritas de colores amarillos, azules, rojas y un botecito, cada quien de un color. Ellos están separando las figuras en su bote por el color y contando cuántas figuritas se están metiendo adentro. Luego ya que separan las figuras, los pongo a que me agrupen de cinco en cinco, de diez en diez. Así pues, ahí están aprendiendo, estamos practicando matemática. Y aprenden valores, aprenden agrupaciones y después el convivio, las preguntas abiertas que les hago, diálogo entre ellos.</em></p>



<p><em>Pues, [es] diferente [ahora] en el sentido que están un poquito más separados, y que estamos en el área de afuera, ahora elegí hacerlo afuera. Por lo regular las actividades en grupo siempre las tenemos adentro. Solo que sea en tiempo de tiempo de primavera ya estamos afuera, pero en este tiempo trataba de todas las actividades que eran grupales, hacerlas afuera. La razón del oxígeno, el contagio y pues que tuvieran más, como, al aire libre. Pues, por el oxígeno más que nada, ahora que nos tocó el tiempo del COVID y tratar de que, si nos íbamos a estar en grupo, pues un poquito más de aire fresco, libre.</em></p>



<p><em>Los niños trabajan excelente. Entienden lo que hacen, lo que es la actividad, lo que se espera de la actividad. Es un poquito, así como que te impacta verlos con su cubrebocas, ¿verdad? Mas que nada, me gusta [la foto] porque ellos alcanzaron a comprender que estábamos pasando por una pandemia, que era por salud, que tenemos que cuidarnos. … solamente un niño, un poco más chiquito, era él que seguido tenía que [decir], “¿puedes conservar tu cubrebocas?,” porque él se lo baja de su nariz, era de que “¿puedes conservar tu cubrebocas?” Pero la foto, digo, sí te impacta ver que están con su cubrebocas, pero, pues, me encanta la manera en la que ellos trabajan en aquello, comprendiendo la actividad que están haciendo.</em></p>



<p></p>



<p class="has-normal-font-size"><strong>Nuestra Entrevista con Anita</strong></p>



<p>Anita tiene 19 años de ser proveedora de cuidado infantil. Ella prefiere a los niños preescolares porque “la enseñanza y todo se basa no más a un solo nivel.” Durante la pandemia, sin embargo, la madre de un niño dio a luz y esperaba que Anita le cuidara a su bebé. Al principio, Anita se resistió, diciendo … “tener un baby es dedicarle muchísimo más tiempo, más compromiso &#8230; pues me cambia un poquito la rutina con los demás niños.” Cuando la mamá le dijo a Anita que iba a dar de baja a su hijo mayor para cambiar de ubicación, donde pudieran estar juntos los hermanos, Anita dijo “Me acabé doblando definitivamente &#8230; le dije ok, tráemelo, tráemelo.”</p>



<p>Junto a cuidar a un bebé, Anita se tenía que ajustar al trabajo adicional que se requería al “juntar a todos los niños con una pandemia tan fuerte.” Al principio, sentía pánico y le “daba un poquito de miedo de no poder yo cumplir con todos los requisitos que se necesitaban.” También notaba cómo reaccionaban los niños ante los nuevos procedimientos y rutinas, incluyendo enojo al no poder hacer las cosas que solían hacer anteriormente, como traer sus almohadas y acostarse juntos en un círculo.</p>



<p>En un momento dado, los ajustes se volvieron tan abrumadores que Anita temía que tendría que cerrar. Pero sintió un llamado de no aflojarse; sobre las clausuras escolares, ella comentó: “cuando los niños salieron de la escuela, dije no, no puedo cerrar porque es el tiempo en el que ellos más lo necesitan.” Ella agregó, “poco a poco va uno acoplándose y siguiendo la rutina … es lo que lo hace a uno entrar en el círculo … poderse uno ir acoplando poco a poquito.”</p>



<p><em>De la transcripción de la entrevista completa, de 2,568 palabras</em></p>



<p></p>

<p>En español Anita Entering the circle &#8220;I felt panicked not being able to comply with the expectations, with what was expected, because well, we’d never found ourselves with a challenge like this.&#8220; About My Picture The picture is of the kids outside, it’s an outside activity. It was taken last year, more or less around [&hellip;]</p>
