{"id":266,"date":"2022-03-27T09:43:40","date_gmt":"2022-03-27T16:43:40","guid":{"rendered":"https:\/\/labs.wsu.edu\/essential\/?page_id=266"},"modified":"2022-04-20T14:55:00","modified_gmt":"2022-04-20T21:55:00","slug":"gabriela","status":"publish","type":"page","link":"https:\/\/labs.wsu.edu\/essential\/gabriela\/","title":{"rendered":"Gabriela"},"content":{"rendered":"\n<p class=\"has-text-color\" style=\"color:#981e32;font-size:18px\"><a href=\"#Espanol-About\">En espa\u00f1ol<\/a><\/p>\n\n\n\n<div class=\"wp-block-columns is-layout-flex wp-container-3\">\n<div class=\"wp-block-column is-layout-flow\" style=\"flex-basis:50%\">\n<figure class=\"wp-block-image size-large is-resized\"><img decoding=\"async\" loading=\"lazy\" src=\"https:\/\/s3.wp.wsu.edu\/uploads\/sites\/2921\/2022\/03\/gabriela.jpg\" alt=\"\" class=\"wp-image-324\" width=\"360\" height=\"480\" srcset=\"https:\/\/wpcdn.web.wsu.edu\/wp-labs\/uploads\/sites\/2921\/2022\/03\/gabriela.jpg 480w, https:\/\/wpcdn.web.wsu.edu\/wp-labs\/uploads\/sites\/2921\/2022\/03\/gabriela-396x528.jpg 396w\" sizes=\"(max-width: 360px) 100vw, 360px\" \/><\/figure>\n<\/div>\n\n\n\n<div class=\"wp-block-column is-layout-flow\" style=\"flex-basis:50%\">\n<h2 class=\"has-text-color wp-block-heading\" style=\"color:#981e32;font-size:24px\">Gabriela<\/h2>\n\n\n\n<p><\/p>\n\n\n\n<h4 class=\"has-normal-font-size wp-block-heading\">The kids de-stressed me, too<\/h4>\n\n\n\n<p><\/p>\n\n\n\n<p><em>I get it.\u00a0 They [researchers, public policy makers] don\u2019t give us much consideration. Thanks so much to you all as well for taking the time and for thinking of us.<\/em><\/p>\n<\/div>\n<\/div>\n\n\n\n<h2 class=\"has-normal-font-size wp-block-heading\">About My Picture<\/h2>\n\n\n\n<p><em>My photos, more than anything I wanted to take a picture related to hygiene.&nbsp; As one uses disinfectants and masks quite a bit, and that\u2019s something new for us, that we\u2019re still not able to adapt to, and for the kids it\u2019s quite difficult.<\/em><\/p>\n\n\n\n<p><em>\u2026it\u2019s an inconvenience because the kids aren\u2019t getting used to wearing their mask and to be disinfecting and disinfecting, and that one has to be separating them a lot, all the time.<\/em><\/p>\n\n\n\n<p><em>[There is] frustration. Yes, because the kids, they always want to be together, playing, active.&nbsp; And well,&nbsp; \u2026you see, the houses are small areas, it\u2019s very difficult for us.<\/em><\/p>\n\n\n\n<div style=\"height:20px\" aria-hidden=\"true\" class=\"wp-block-spacer\"><\/div>\n\n\n\n<h4 class=\"has-normal-font-size wp-block-heading\">Our Interview with Gabriela<\/h4>\n\n\n\n<p>When the pandemic began, Gabriela\u2019s primary concerns were not knowing what happened when the children she cared for left her home, as well as the damage an infection from the outside could do to her professional reputation and personal health: \u201cWhen they leave my house, I don\u2019t know what happens\u2026I know what happens with me, but not with them\u2026the worry, more than catching it, yes, that they give it to me, but\u2026also that the parents might think or say that they got it at [my] house.\u201d<\/p>\n\n\n\n<p>Soon after the onset of the pandemic, Gabriela\u2019s enrollment numbers dropped to below half her usual capacity. Despite the obvious impacts on her income, Gabriela found that caring for three children helped ease her worries, especially because the three were siblings, a factor she considered a stroke of luck because it reduced exposure from outside. Further reducing her exposure was the fact that she worked in her own home, so that she \u201cdidn\u2019t have anything to go do outside.\u201d&nbsp;<\/p>\n\n\n\n<p>Despite the challenges and frustrations of keeping her business afloat while adjusting to pandemic conditions, Gabriela maintained, \u201cI like it, my work\u2026The kids de-stressed me too.\u201d&nbsp;<\/p>\n\n\n\n<p id=\"Espanol-About\"><em>From full transcript of 1,264 words<\/em><\/p>\n\n\n\n<div style=\"height:30px\" aria-hidden=\"true\" class=\"wp-block-spacer\"><\/div>\n\n\n\n<div class=\"wp-block-columns is-layout-flex wp-container-6\">\n<div class=\"wp-block-column is-layout-flow\">\n<figure class=\"wp-block-image size-large is-resized\"><img decoding=\"async\" loading=\"lazy\" src=\"https:\/\/s3.wp.wsu.edu\/uploads\/sites\/2921\/2022\/03\/gabriela.jpg\" alt=\"\" class=\"wp-image-324\" width=\"360\" height=\"480\" srcset=\"https:\/\/wpcdn.web.wsu.edu\/wp-labs\/uploads\/sites\/2921\/2022\/03\/gabriela.jpg 480w, https:\/\/wpcdn.web.wsu.edu\/wp-labs\/uploads\/sites\/2921\/2022\/03\/gabriela-396x528.jpg 396w\" sizes=\"(max-width: 360px) 100vw, 360px\" \/><\/figure>\n<\/div>\n\n\n\n<div class=\"wp-block-column is-layout-flow\">\n<h2 class=\"has-text-color wp-block-heading\" style=\"color:#981e32;font-size:24px\">Gabriela<\/h2>\n\n\n\n<p><\/p>\n\n\n\n<h4 class=\"has-normal-font-size wp-block-heading\">A m\u00ed los ni\u00f1os me desestresaban, tambi\u00e9n<\/h4>\n\n\n\n<p><\/p>\n\n\n\n<p><em>Ya.&nbsp; No nos toman mucho en cuenta.&nbsp; Much\u00edsimas gracias a ustedes tambi\u00e9n por tomarse el <\/em>&nbsp;&nbsp; <em>tiempo y tomarnos en cuenta.<\/em><\/p>\n<\/div>\n<\/div>\n\n\n\n<figure class=\"wp-block-audio\"><audio controls src=\"https:\/\/s3.wp.wsu.edu\/uploads\/sites\/2921\/2022\/03\/gabriela.mp3\"><\/audio><\/figure>\n\n\n\n<h2 class=\"has-normal-font-size wp-block-heading\">Sobre Mi Foto<\/h2>\n\n\n\n<p><em>Mis fotos, m\u00e1s que nada quise sacar una foto relacionada con la higiene. Como usa uno bastante los desinfectantes y las mascarillas y es algo nuevo para nosotros, que todav\u00eda no nos podemos adaptar y para los ni\u00f1os es bien dif\u00edcil.<\/em><\/p>\n\n\n\n<p><em>\u2026 es como una incomodidad porque los ni\u00f1os no se est\u00e1n adaptando a traer su mascarilla y pues estar desinfect\u00e1ndose y desinfect\u00e1ndose y que tiene uno que estar separando mucho, cada ratito.<\/em><\/p>\n\n\n\n<p><em>[Hay] frustraci\u00f3n. S\u00ed porque los ni\u00f1os siempre quieren andar juntos, jugando, activos. Y pues, \u2026 ves que las casas son \u00e1reas peque\u00f1as, y se nos hace s\u00faper dif\u00edcil.\u201d<\/em><\/p>\n\n\n\n<div style=\"height:20px\" aria-hidden=\"true\" class=\"wp-block-spacer\"><\/div>\n\n\n\n<h2 class=\"has-normal-font-size wp-block-heading\">Nuestra Entrevista con Gabriela<\/h2>\n\n\n\n<p>Cuando la pandemia empez\u00f3, lo que m\u00e1s le preocupaba a Gabriela era el no saber qu\u00e9 pasaba cuando los ni\u00f1os a los que cuidaba sal\u00edan de su casa, as\u00ed como el da\u00f1o que podr\u00eda provocar una infecci\u00f3n externa, tanto para su reputaci\u00f3n profesional como su salud personal:&nbsp; \u201cCuando ellos ya salen de mi casa yo no s\u00e9 qu\u00e9 pasa &#8230; yo s\u00e9 que pasa conmigo, pero no con ellos \u2026 la preocupaci\u00f3n, m\u00e1s que el contagio, s\u00ed que me contagien, pero tambi\u00e9n que &#8230; los pap\u00e1s quiz\u00e1s piensen o digan que se contagiaron ah\u00ed en [mi] casa.\u201d<\/p>\n\n\n\n<p>Pronto despu\u00e9s del inicio de la pandemia, las inscripciones de Gabriela bajaron a menos de la mitad de su capacidad usual.&nbsp; A pesar de los obvios impactos en sus ingresos, Gabriela descubri\u00f3 que cuidar a tres ni\u00f1os ayud\u00f3 a aliviar sus preocupaciones, sobre todo porque los tres eran hermanos, un factor que ella consider\u00f3 un golpe de suerte, porque baj\u00f3 la exposici\u00f3n desde afuera. &nbsp;&nbsp;Lo que redujo m\u00e1s su exposici\u00f3n era el hecho de que trabajaba en su propia casa, ya que \u201cno ten\u00eda nada que ir a hacer afuera.\u201d<\/p>\n\n\n\n<p>A pesar de los retos y las frustraciones de mantener a flote su negocio mientras ajustaba a las condiciones pand\u00e9micas, Gabriela afirm\u00f3 que \u201cMe gusta a m\u00ed, mi trabajo \u2026 a m\u00ed los ni\u00f1os me desestresaban tambi\u00e9n.\u201d<\/p>\n\n\n\n<p>&nbsp;<em>De la transcripci\u00f3n de la entrevista completa, de 1,264 palabras <\/em><em><\/em><\/p>\n","protected":false},"excerpt":{"rendered":"<p>En espa\u00f1ol Gabriela The kids de-stressed me, too I get it.\u00a0 They [researchers, public policy makers] don\u2019t give us much consideration. Thanks so much to you all as well for taking the time and for thinking of us. About My Picture My photos, more than anything I wanted to take a picture related to hygiene.&nbsp; [&hellip;]<\/p>\n","protected":false},"author":1999,"featured_media":0,"parent":0,"menu_order":0,"comment_status":"closed","ping_status":"closed","template":"","meta":[],"categories":[],"tags":[],"wsuwp_university_location":[],"wsuwp_university_org":[],"_links":{"self":[{"href":"https:\/\/labs.wsu.edu\/essential\/wp-json\/wp\/v2\/pages\/266"}],"collection":[{"href":"https:\/\/labs.wsu.edu\/essential\/wp-json\/wp\/v2\/pages"}],"about":[{"href":"https:\/\/labs.wsu.edu\/essential\/wp-json\/wp\/v2\/types\/page"}],"author":[{"embeddable":true,"href":"https:\/\/labs.wsu.edu\/essential\/wp-json\/wp\/v2\/users\/1999"}],"replies":[{"embeddable":true,"href":"https:\/\/labs.wsu.edu\/essential\/wp-json\/wp\/v2\/comments?post=266"}],"version-history":[{"count":19,"href":"https:\/\/labs.wsu.edu\/essential\/wp-json\/wp\/v2\/pages\/266\/revisions"}],"predecessor-version":[{"id":930,"href":"https:\/\/labs.wsu.edu\/essential\/wp-json\/wp\/v2\/pages\/266\/revisions\/930"}],"wp:attachment":[{"href":"https:\/\/labs.wsu.edu\/essential\/wp-json\/wp\/v2\/media?parent=266"}],"wp:term":[{"taxonomy":"category","embeddable":true,"href":"https:\/\/labs.wsu.edu\/essential\/wp-json\/wp\/v2\/categories?post=266"},{"taxonomy":"post_tag","embeddable":true,"href":"https:\/\/labs.wsu.edu\/essential\/wp-json\/wp\/v2\/tags?post=266"},{"taxonomy":"wsuwp_university_location","embeddable":true,"href":"https:\/\/labs.wsu.edu\/essential\/wp-json\/wp\/v2\/wsuwp_university_location?post=266"},{"taxonomy":"wsuwp_university_org","embeddable":true,"href":"https:\/\/labs.wsu.edu\/essential\/wp-json\/wp\/v2\/wsuwp_university_org?post=266"}],"curies":[{"name":"wp","href":"https:\/\/api.w.org\/{rel}","templated":true}]}}