{"id":371,"date":"2022-03-30T09:19:25","date_gmt":"2022-03-30T16:19:25","guid":{"rendered":"https:\/\/labs.wsu.edu\/essential\/?page_id=371"},"modified":"2022-04-20T14:57:49","modified_gmt":"2022-04-20T21:57:49","slug":"ines","status":"publish","type":"page","link":"https:\/\/labs.wsu.edu\/essential\/ines\/","title":{"rendered":"In\u00e9s"},"content":{"rendered":"\n<p class=\"has-text-color\" style=\"color:#981e32;font-size:18px\"><a href=\"#Espanol-About\">En espa\u00f1ol<\/a><\/p>\n\n\n\n<div class=\"wp-block-columns is-layout-flex wp-container-3\">\n<div class=\"wp-block-column is-layout-flow\"><\/div>\n\n\n\n<div class=\"wp-block-column is-layout-flow\">\n<h2 class=\"has-text-color wp-block-heading\" style=\"color:#981e32;font-size:24px\">In\u00e9s<\/h2>\n\n\n\n<p class=\"has-normal-font-size\"><strong>Never Fired a Parent<\/strong><\/p>\n\n\n\n<p><\/p>\n\n\n\n<p><em>God willing, I\u2019m going to keep going.&nbsp;<\/em><\/p>\n<\/div>\n<\/div>\n\n\n\n<h4 class=\"has-normal-font-size wp-block-heading\">Our Interview with In\u00e9s&nbsp;<\/h4>\n\n\n\n<p>In\u00e9s opened her childcare almost 40 years ago. She now cares for fewer children than she is licensed for so that her young adult daughters, who once assisted her, could pursue their own interests.&nbsp;&nbsp;<\/p>\n\n\n\n<p>From the start of the pandemic, In\u00e9s said her children adapted easily to altered routines, as did most, but not all, of their families. One parent was so afraid to come into In\u00e9s\u2019s house for drop-off and pick-up that her hands would shake, and she would say, \u201cI\u2019m afraid of getting sick.\u201d Despite In\u00e9s\u2019s assurances that no children or family members had gotten Covid, this parent requested changes that went well beyond public health recommendations. The situation intensified, and to avoid disruption, In\u00e9s said she had to tell the parent, \u201cI\u2019m really sorry\u2026but I can\u2019t keep taking care of your kids.\u201d This was unprecedented for In\u00e9s, who in her decades of caring for children, had \u201cnever fired anyone, ever.\u201d&nbsp;&nbsp;<\/p>\n\n\n\n<p>In\u00e9s disclosed that just a few weeks before our interview, she had been diagnosed with a serious illness (not Covid) requiring extensive treatment, forcing her to close her center. Most difficult for her was, \u201cHow am I going to tell the parents that I\u2019m not going to care for their kids?\u201d But she did tell them, and not long before our interview, upon learning of the closure and the reasons for it, many families came to visit her. As a testament to her importance in children\u2019s lives, is the example of a family with siblings ranging in age from 6 to 22 years old, all of whom she cared for during their entire childhoods.&nbsp; The six-year-old embraced her and said, \u201cIn\u00e9s \u2026 don\u2019t be sick \u2026 because I love you like a mom.\u201d&nbsp;<\/p>\n\n\n\n<p id=\"Espanol-About\"><em>From full interview transcript of 1,867 words<\/em><\/p>\n\n\n\n<div style=\"height:30px\" aria-hidden=\"true\" class=\"wp-block-spacer\"><\/div>\n\n\n\n<div class=\"wp-block-columns is-layout-flex wp-container-8\">\n<div class=\"wp-block-column is-layout-flow\">\n<div class=\"wp-block-columns is-layout-flex wp-container-6\">\n<div class=\"wp-block-column is-layout-flow\"><\/div>\n\n\n\n<div class=\"wp-block-column is-layout-flow\">\n<h2 class=\"has-text-color wp-block-heading\" style=\"color:#981e32;font-size:24px\">In\u00e9s<\/h2>\n\n\n\n<h4 class=\"has-normal-font-size wp-block-heading\">Nunca he despedido a un padre de familia&nbsp;<\/h4>\n\n\n\n<p><\/p>\n\n\n\n<p><\/p>\n\n\n\n<p><em>Primeramente, Dios, voy a seguir adelante.&nbsp;<\/em>&nbsp;<\/p>\n<\/div>\n<\/div>\n<\/div>\n<\/div>\n\n\n\n<h4 class=\"has-normal-font-size wp-block-heading\">Nuestra Entrevista con In\u00e9s&nbsp;<\/h4>\n\n\n\n<p>In\u00e9s abri\u00f3 su centro hace casi 40 a\u00f1os. Ella ahora cuida a menos ni\u00f1os de los que tiene licencia, para que sus hijas adultas j\u00f3venes, quienes antes le apoyaban, puedan dedicarse a sus intereses propios.&nbsp;<\/p>\n\n\n\n<p>Desde el inicio de la pandemia, In\u00e9s dijo que sus ni\u00f1os se adaptaron f\u00e1cilmente a las rutinas alteradas, as\u00ed como la mayor\u00eda &#8211; pero no todas \u2013 las familias. Una madre ten\u00eda tanto miedo de entrar a la casa de In\u00e9s para dejar y recoger a sus hijos que le temblaban las manos, y dec\u00eda \u201cEs que yo tengo miedo a enfermarme.\u201d A pesar de las reconfirmaciones de In\u00e9s, de que ning\u00fan ni\u00f1o ni familiar se hab\u00eda contagiado de Covid, esta madre pidi\u00f3 cambios que sobrepasaron, por mucho, las recomendaciones de salud p\u00fablica. La situaci\u00f3n intensific\u00f3, as\u00ed que para evitar disrupciones, In\u00e9s nos coment\u00f3 que tuvo que decirle a la madre, \u201cLo siento mucho \u2026 pero no te puedo seguir cuidando a los ni\u00f1os.\u201d Fue una ocurrencia sin precedentes para In\u00e9s, quien en sus d\u00e9cadas de cuidar a ni\u00f1os \u201cno hab\u00eda despedido a alguien, nunca.\u201d&nbsp;<\/p>\n\n\n\n<p>In\u00e9s revel\u00f3 que tan solo unas pocas semanas antes de nuestra entrevista, a ella le hab\u00edan diagnosticado con una enfermedad grave (no Covid) que requer\u00eda de un tratamiento extensivo, oblig\u00e1ndole a cerrar su centro.&nbsp; Lo m\u00e1s dif\u00edcil para ella fue, \u201c\u00bfC\u00f3mo les voy a decir a los pap\u00e1s que no les voy a cuidar a los ni\u00f1os?\u201d Pero s\u00ed les dijo, y no mucho tiempo antes de nuestra entrevista, al enterarse del cierre y sus razones, muchas familias vinieron a visitarla. Como un testamento a la importancia que tiene ella en la vida de los ni\u00f1os est\u00e1 el ejemplo de una familia con hermanos cuyas edades van de 6 a 22 a\u00f1os. Ella los cuid\u00f3 a todos durante su ni\u00f1ez entera.&nbsp; El ni\u00f1o de seis a\u00f1os la abraz\u00f3 y le dijo, \u201cIn\u00e9s \u2026 que no est\u00e9 mala \u2026 porque te quiero como una mam\u00e1.\u201d&nbsp;<\/p>\n\n\n\n<p><em>De la transcripci\u00f3n de la entrevista completa, de 1,867 palabras<\/em>&nbsp;<\/p>\n","protected":false},"excerpt":{"rendered":"<p class=\"has-text-color\" style=\"color:#981e32;font-size:18px\"><a href=\"#Espanol-About\">En espa\u00f1ol<\/a><\/p>\n<h2 class=\"has-text-color\" style=\"color:#981e32;font-size:24px\">In\u00e9s<\/h2>\n<p class=\"has-normal-font-size\"><strong>Never Fired a Parent<\/strong><\/p>\n<p><em>God willing, I\u2019m going to keep going.&nbsp;<\/em><\/p>\n<h4 class=\"has-normal-font-size\">Our Interview with In\u00e9s&nbsp;<\/h4>\n<p>In\u00e9s opened her childcare almost 40 years ago. She now cares for fewer children than she is licensed for so that her young adult daughters, who once assisted her, could pursue their own interests.&nbsp;&nbsp;<\/p>\n<p>From the start of the pandemic, In\u00e9s said her children adapted easily to altered routines, as did most, but not all, of their families. One parent was so afraid to come into In\u00e9s\u2019s house for drop-off and pick-up that her hands would shake, and she &#8230; <a href=\"https:\/\/labs.wsu.edu\/essential\/ines\/\" class=\"more-link\"><span class=\"more-default\">&raquo; More &#8230;<\/span><\/a><\/p>\n","protected":false},"author":2170,"featured_media":0,"parent":0,"menu_order":0,"comment_status":"closed","ping_status":"closed","template":"","meta":[],"wsuwp_university_location":[],"wsuwp_university_org":[],"_links":{"self":[{"href":"https:\/\/labs.wsu.edu\/essential\/wp-json\/wp\/v2\/pages\/371"}],"collection":[{"href":"https:\/\/labs.wsu.edu\/essential\/wp-json\/wp\/v2\/pages"}],"about":[{"href":"https:\/\/labs.wsu.edu\/essential\/wp-json\/wp\/v2\/types\/page"}],"author":[{"embeddable":true,"href":"https:\/\/labs.wsu.edu\/essential\/wp-json\/wp\/v2\/users\/2170"}],"replies":[{"embeddable":true,"href":"https:\/\/labs.wsu.edu\/essential\/wp-json\/wp\/v2\/comments?post=371"}],"version-history":[{"count":21,"href":"https:\/\/labs.wsu.edu\/essential\/wp-json\/wp\/v2\/pages\/371\/revisions"}],"predecessor-version":[{"id":934,"href":"https:\/\/labs.wsu.edu\/essential\/wp-json\/wp\/v2\/pages\/371\/revisions\/934"}],"wp:attachment":[{"href":"https:\/\/labs.wsu.edu\/essential\/wp-json\/wp\/v2\/media?parent=371"}],"wp:term":[{"taxonomy":"wsuwp_university_location","embeddable":true,"href":"https:\/\/labs.wsu.edu\/essential\/wp-json\/wp\/v2\/wsuwp_university_location?post=371"},{"taxonomy":"wsuwp_university_org","embeddable":true,"href":"https:\/\/labs.wsu.edu\/essential\/wp-json\/wp\/v2\/wsuwp_university_org?post=371"}],"curies":[{"name":"wp","href":"https:\/\/api.w.org\/{rel}","templated":true}]}}