{"id":7,"date":"2023-08-09T15:00:00","date_gmt":"2023-08-09T22:00:00","guid":{"rendered":"https:\/\/labs.wsu.edu\/hear\/?page_id=7"},"modified":"2023-08-13T19:56:42","modified_gmt":"2023-08-14T02:56:42","slug":"hear-lab","status":"publish","type":"page","link":"https:\/\/labs.wsu.edu\/hear\/","title":{"rendered":"HEAR Lab"},"content":{"rendered":"<section  class=\"wsu-section wsu-width--full wsu-color-background--gray-5 wsu-spacing-after--none wsu-spacing-before--none wsu-spacing-margin-left--none wsu-spacing-margin-right--none wsu-spacing-top--none wsu-spacing-bottom--none wsu-spacing-padding-left--none wsu-spacing-padding-right--none\"  >\r\n    <div class=\"wsu-section__inner wsu-width--content\">    \n<div class=\"wsu-row wsu-spacing-before--xxsmall wsu-spacing-top--xxsmall wsu-row--quarters\" >\r\n    \n<div class=\"wsu-column\"  style=\"\">\r\n\t\n<div class=\"wsu-cta  wsu-text-align--center\" >\n\t<a \t\t\t\t\thref=\"https:\/\/labs.wsu.edu\/hear\/our-why\/\"\t\n\t\tclass=\"wsu-button  wsu-button--style-action\">\n\t\t\t\n\t\tOur Aims\t\t\t<\/a>\n<\/div>\n\n<\/div>\r\n\n\n<div class=\"wsu-column\"  style=\"\">\r\n\t\n<div class=\"wsu-cta  wsu-text-align--center\" >\n\t<a \t\t\t\t\thref=\"https:\/\/labs.wsu.edu\/hear\/what-we-do\/\"\t\n\t\tclass=\"wsu-button  wsu-button--style-action\">\n\t\t\t\n\t\tWhat We Do\t\t\t<\/a>\n<\/div>\n\n<\/div>\r\n\n\n<div class=\"wsu-column\"  style=\"\">\r\n\t\n<div class=\"wsu-cta \" >\n\t<a \t\t\t\t\thref=\"https:\/\/labs.wsu.edu\/hear\/who-we-are\/\"\t\n\t\tclass=\"wsu-button  wsu-button--style-action\">\n\t\t\t\n\t\tWho We Are\t\t\t<\/a>\n<\/div>\n\n<\/div>\r\n\n\n<div class=\"wsu-column\"  style=\"\">\r\n\t\n<div class=\"wsu-cta wsu-text-align--center wsu-cta--width-inline wsu-spacing-after--xxsmall\" >\n\t<a \t\t\t\t\thref=\"https:\/\/labs.wsu.edu\/hear\/connect-with-us\/\"\t\n\t\tclass=\"wsu-button  wsu-button--style-round wsu-button--size-small\">\n\t\t\t\n\t\tConnect With Us\t\t\t<\/a>\n<\/div>\n\n<\/div>\r\n\n<\/div>\n    <\/div><\/section>\n\n<div class=\"wsu-hero wsu-width--full wsu-pattern--wsu-light-radial-left img{ position: absolute; top:50%; left:50%; transform: translate(-50%,-50%) } \">\n\t\n\t<div class=\"wsu-image-frame wsu-image-frame--fill\">\n\t<img decoding=\"async\" src=\"https:\/\/wpcdn.web.wsu.edu\/wp-labs\/uploads\/sites\/3319\/2023\/08\/Lab-Logo-with-Tagline-1280-\u00d7-720-px-1200-\u00d7-700-px-1920-\u00d7-1080-px-1.jpg\"\n\t\tsrcset=\"https:\/\/wpcdn.web.wsu.edu\/wp-labs\/uploads\/sites\/3319\/2023\/08\/Lab-Logo-with-Tagline-1280-\u00d7-720-px-1200-\u00d7-700-px-1920-\u00d7-1080-px-1.jpg 1920w, https:\/\/wpcdn.web.wsu.edu\/wp-labs\/uploads\/sites\/3319\/2023\/08\/Lab-Logo-with-Tagline-1280-\u00d7-720-px-1200-\u00d7-700-px-1920-\u00d7-1080-px-1.jpg 396w, https:\/\/wpcdn.web.wsu.edu\/wp-labs\/uploads\/sites\/3319\/2023\/08\/Lab-Logo-with-Tagline-1280-\u00d7-720-px-1200-\u00d7-700-px-1920-\u00d7-1080-px-1.jpg 792w, https:\/\/wpcdn.web.wsu.edu\/wp-labs\/uploads\/sites\/3319\/2023\/08\/Lab-Logo-with-Tagline-1280-\u00d7-720-px-1200-\u00d7-700-px-1920-\u00d7-1080-px-1.jpg 768w, https:\/\/wpcdn.web.wsu.edu\/wp-labs\/uploads\/sites\/3319\/2023\/08\/Lab-Logo-with-Tagline-1280-\u00d7-720-px-1200-\u00d7-700-px-1920-\u00d7-1080-px-1.jpg 1536w, https:\/\/wpcdn.web.wsu.edu\/wp-labs\/uploads\/sites\/3319\/2023\/08\/Lab-Logo-with-Tagline-1280-\u00d7-720-px-1200-\u00d7-700-px-1920-\u00d7-1080-px-1.jpg 198w\"\n\t\tsizes=\"(max-width: 1920px) 100vw, 1920px\"\n\t\talt=\"Lab Logo with Tagline\"\n\t\tstyle=\"object-position: 100% 100%\"\n\t\t\/>\n<\/div>\n\n\t<div class=\"wsu-overlay wsu-pattern-after wsu-overlay--none wsu-pattern--none\"><\/div>\n\t<div class=\"wsu-hero__content\">\n\t\t<div class=\"wsu-hero__caption\">\n\t\t\t\t\t\t\t\t\t\t\t\t\t\t<\/div>\n\t\t\t<\/div>\n<\/div>\n\n\n<section  class=\"wsu-section wsu-width--full wsu-color-background--gray-85 wsu-spacing-after--none wsu-spacing-bottom--xsmall\"  >\r\n    <div class=\"wsu-section__inner wsu-width--content\">    \n\n<h2 class=\"has-text-align-center .m0 { margin-top: 0!important; margin-bottom: } wp-block-heading\">Join Our Team!<\/h2>\n\n\n\n<p class=\"has-text-align-center\">Our lab is currently recruiting undergraduate and graduate students. To learn more, check out our current projects under &#8220;What We Do&#8221; and see our &#8220;Connect&#8221; page to connect with us about ongoing and future opportunities!<\/p>\n\n    <\/div><\/section>\n\n\n<p><\/p>\n\n\n\n<p>The Washington State University Pullman campus is located on the homelands<a href=\"https:\/\/wsu.edu\/about\/land-acknowledgement\/\"> of the Nim\u00edipuu (Nez Perce) Tribe and the Palus <\/a>people<a href=\"https:\/\/wsu.edu\/about\/land-acknowledgement\/\">. <\/a>The HEAR lab acknowledges their presence here since time immemorial and recognize their continuing connection to the land, to the water, and to their ancestors.  <\/p>\n","protected":false},"excerpt":{"rendered":"<p>The Washington State University Pullman campus is located on the homelands of the Nim\u00edipuu (Nez Perce) Tribe and the Palus people. The HEAR lab acknowledges their presence here since time immemorial and recognize their continuing connection to the land, to the water, and to their ancestors.<\/p>\n","protected":false},"author":39374,"featured_media":0,"parent":0,"menu_order":0,"comment_status":"closed","ping_status":"closed","template":"","meta":[],"wsuwp_university_location":[],"wsuwp_university_org":[],"_links":{"self":[{"href":"https:\/\/labs.wsu.edu\/hear\/wp-json\/wp\/v2\/pages\/7"}],"collection":[{"href":"https:\/\/labs.wsu.edu\/hear\/wp-json\/wp\/v2\/pages"}],"about":[{"href":"https:\/\/labs.wsu.edu\/hear\/wp-json\/wp\/v2\/types\/page"}],"author":[{"embeddable":true,"href":"https:\/\/labs.wsu.edu\/hear\/wp-json\/wp\/v2\/users\/39374"}],"replies":[{"embeddable":true,"href":"https:\/\/labs.wsu.edu\/hear\/wp-json\/wp\/v2\/comments?post=7"}],"version-history":[{"count":49,"href":"https:\/\/labs.wsu.edu\/hear\/wp-json\/wp\/v2\/pages\/7\/revisions"}],"predecessor-version":[{"id":409,"href":"https:\/\/labs.wsu.edu\/hear\/wp-json\/wp\/v2\/pages\/7\/revisions\/409"}],"wp:attachment":[{"href":"https:\/\/labs.wsu.edu\/hear\/wp-json\/wp\/v2\/media?parent=7"}],"wp:term":[{"taxonomy":"wsuwp_university_location","embeddable":true,"href":"https:\/\/labs.wsu.edu\/hear\/wp-json\/wp\/v2\/wsuwp_university_location?post=7"},{"taxonomy":"wsuwp_university_org","embeddable":true,"href":"https:\/\/labs.wsu.edu\/hear\/wp-json\/wp\/v2\/wsuwp_university_org?post=7"}],"curies":[{"name":"wp","href":"https:\/\/api.w.org\/{rel}","templated":true}]}}