{"id":18,"date":"2024-07-10T17:41:26","date_gmt":"2024-07-11T00:41:26","guid":{"rendered":"https:\/\/labs.wsu.edu\/sharma\/?page_id=18"},"modified":"2026-03-19T16:11:18","modified_gmt":"2026-03-19T23:11:18","slug":"sharma-lab-members","status":"publish","type":"page","link":"https:\/\/labs.wsu.edu\/sharma\/sharma-lab-members\/","title":{"rendered":"Sharma Lab Members"},"content":{"rendered":"\n<h2 class=\"wp-block-heading\">Principal Investigator<\/h2>\n\n\n\n<h3 class=\"wp-block-heading\">Dr. Anjali Sharma<\/h3>\n\n\n\n<figure class=\"wp-block-image size-large is-resized\"><img decoding=\"async\" loading=\"lazy\" src=\"https:\/\/s3.wp.wsu.edu\/uploads\/sites\/3471\/2024\/07\/DSC_4129-792x528.jpg\" alt=\"\" class=\"wp-image-19\" width=\"215\" height=\"322\"\/><\/figure>\n\n\n\n<p>Assistant Professor Fall 2022 \u2013 Present<\/p>\n\n\n\n<p>Room: Troy 222<\/p>\n\n\n\n<p>Phone: (509) 335-2279<\/p>\n\n\n\n<p>Email: Anjali.sharma@wsu.edu<\/p>\n\n\n\n<p>Ph.D. in Materials Chemistry, McGill University<\/p>\n\n\n\n<p>Postdoctoral Research in Dendrimer Nanomedicine, Johns Hopkins Center for Nanomedicine<\/p>\n\n\n\n<p>co-Founder: <a href=\"http:\/\/partha therapeutics\">Partha Therapeutics<\/a> <\/p>\n\n\n\n<h2 class=\"wp-block-heading\">Volunteer Researchers<\/h2>\n\n\n\n<h3 class=\"wp-block-heading\">Dr. Rishi Sharma<\/h3>\n\n\n\n<figure class=\"wp-block-image size-large is-resized\"><img decoding=\"async\" loading=\"lazy\" src=\"https:\/\/s3.wp.wsu.edu\/uploads\/sites\/3471\/2024\/07\/IMG_8034-792x739.jpg\" alt=\"\" class=\"wp-image-33\" width=\"265\" height=\"247\" srcset=\"https:\/\/wpcdn.web.wsu.edu\/wp-labs\/uploads\/sites\/3471\/2024\/07\/IMG_8034-792x739.jpg 792w, https:\/\/wpcdn.web.wsu.edu\/wp-labs\/uploads\/sites\/3471\/2024\/07\/IMG_8034-396x369.jpg 396w, https:\/\/wpcdn.web.wsu.edu\/wp-labs\/uploads\/sites\/3471\/2024\/07\/IMG_8034-768x716.jpg 768w, https:\/\/wpcdn.web.wsu.edu\/wp-labs\/uploads\/sites\/3471\/2024\/07\/IMG_8034-1536x1432.jpg 1536w, https:\/\/wpcdn.web.wsu.edu\/wp-labs\/uploads\/sites\/3471\/2024\/07\/IMG_8034-2048x1910.jpg 2048w, https:\/\/wpcdn.web.wsu.edu\/wp-labs\/uploads\/sites\/3471\/2024\/07\/IMG_8034-198x185.jpg 198w\" sizes=\"(max-width: 265px) 100vw, 265px\" \/><\/figure>\n\n\n\n<p>Volunteer Research Scientist: Aug 2022-Present<\/p>\n\n\n\n<p>Director of Business Development, WSU College of Arts &amp; Sciences<\/p>\n\n\n\n<p>Email: rishi.sharma@wsu.edu<\/p>\n\n\n\n<p>PhD in Organic Chemistry, Universit\u00e9 du Qu\u00e9bec \u00e0 Montr\u00e9al (UQAM)<\/p>\n\n\n\n<p>Postdoc: Center for Nanomedicine, Johns Hopkins University School of Medicine<\/p>\n\n\n\n<p>co-Founder: <a href=\"http:\/\/partha therapeutics\">Partha Therapeutics<\/a> <\/p>\n\n\n\n<h2 class=\"wp-block-heading\">Postdoctoral Researchers<\/h2>\n\n\n\n<h3 class=\"wp-block-heading\">Dr. Anu Rani<\/h3>\n\n\n\n<figure class=\"wp-block-image size-large is-resized\"><img decoding=\"async\" loading=\"lazy\" src=\"https:\/\/s3.wp.wsu.edu\/uploads\/sites\/3471\/2024\/07\/Anu-Rani-792x794.jpg\" alt=\"\" class=\"wp-image-20\" width=\"262\" height=\"263\" srcset=\"https:\/\/wpcdn.web.wsu.edu\/wp-labs\/uploads\/sites\/3471\/2024\/07\/Anu-Rani-792x794.jpg 792w, https:\/\/wpcdn.web.wsu.edu\/wp-labs\/uploads\/sites\/3471\/2024\/07\/Anu-Rani-396x397.jpg 396w, https:\/\/wpcdn.web.wsu.edu\/wp-labs\/uploads\/sites\/3471\/2024\/07\/Anu-Rani-198x198.jpg 198w, https:\/\/wpcdn.web.wsu.edu\/wp-labs\/uploads\/sites\/3471\/2024\/07\/Anu-Rani-768x770.jpg 768w, https:\/\/wpcdn.web.wsu.edu\/wp-labs\/uploads\/sites\/3471\/2024\/07\/Anu-Rani.jpg 884w\" sizes=\"(max-width: 262px) 100vw, 262px\" \/><\/figure>\n\n\n\n<p><strong>Joined:<\/strong> May 2023<\/p>\n\n\n\n<p><strong>Research Interests &amp; Goals:<\/strong> With a keen interest and expertise in organic synthesis, she has been contributing to innovative research projects aimed at advancing and simplifying the synthesis of dendrimers for clinical translation.<\/p>\n\n\n\n<p><strong>Fun fact: <\/strong>When not in the lab, Dr. Rani enjoys listening to music, cooking, and exploring new culinary experiences. Additionally, just as she loves learning new techniques in the lab, she enjoys learning new cooking methods from people of diverse backgrounds.<\/p>\n\n\n\n<h3 class=\"wp-block-heading\">Dr. Aqib Iqbal Dar<\/h3>\n\n\n\n<figure class=\"wp-block-image size-large is-resized\"><img decoding=\"async\" loading=\"lazy\" src=\"https:\/\/s3.wp.wsu.edu\/uploads\/sites\/3471\/2024\/07\/Aqib-792x798.jpg\" alt=\"\" class=\"wp-image-21\" width=\"280\" height=\"282\" srcset=\"https:\/\/wpcdn.web.wsu.edu\/wp-labs\/uploads\/sites\/3471\/2024\/07\/Aqib-792x798.jpg 792w, https:\/\/wpcdn.web.wsu.edu\/wp-labs\/uploads\/sites\/3471\/2024\/07\/Aqib-396x399.jpg 396w, https:\/\/wpcdn.web.wsu.edu\/wp-labs\/uploads\/sites\/3471\/2024\/07\/Aqib-198x198.jpg 198w, https:\/\/wpcdn.web.wsu.edu\/wp-labs\/uploads\/sites\/3471\/2024\/07\/Aqib-768x774.jpg 768w, https:\/\/wpcdn.web.wsu.edu\/wp-labs\/uploads\/sites\/3471\/2024\/07\/Aqib-1524x1536.jpg 1524w, https:\/\/wpcdn.web.wsu.edu\/wp-labs\/uploads\/sites\/3471\/2024\/07\/Aqib-196x198.jpg 196w, https:\/\/wpcdn.web.wsu.edu\/wp-labs\/uploads\/sites\/3471\/2024\/07\/Aqib.jpg 1608w\" sizes=\"(max-width: 280px) 100vw, 280px\" \/><\/figure>\n\n\n\n<p><strong>Joined:<\/strong> Feb. 2024<\/p>\n\n\n\n<p><strong>Research Interests &amp; Goals:<\/strong> Gain extensive research experience in designing and development of novel nanomaterials, as well as their applications in drug delivery and disease management. Develop the necessary skill sets and expertise to transition into an independent researcher in the field of nanomedicine. Build a strong network within the scientific community to position myself for future leadership opportunities in academia or industry.<\/p>\n\n\n\n<p><strong>Fun fact: <\/strong>As a passionate scientific researcher, I have a deep fascination with the art of photography. \u200bI particularly enjoy capturing the beauty of the natural world. When I&#8217;m not conducting research in the lab, you can often find me experimenting in the kitchen because I love the mixture of art and science that goes in cooking.<\/p>\n\n\n\n<h2 class=\"wp-block-heading\">Graduate Students<\/h2>\n\n\n\n<h3 class=\"wp-block-heading\">Anubhav Dhull<\/h3>\n\n\n\n<figure class=\"wp-block-image size-large is-resized\"><img decoding=\"async\" loading=\"lazy\" src=\"https:\/\/s3.wp.wsu.edu\/uploads\/sites\/3471\/2024\/07\/Anubhav-792x528.jpg\" alt=\"\" class=\"wp-image-22\" width=\"240\" height=\"361\"\/><\/figure>\n\n\n\n<p><strong>Joined:<\/strong> Fall 2022<\/p>\n\n\n\n<p><strong>Research Interests &amp; Goals:<\/strong> As a doctoral candidate in Dr. Anjali Sharma&#8217;s lab at Washington State University, my research is dedicated to advancing dendrimer-based nanotherapies for targeted drug delivery in CNS diseases and cancer. I aim to develop novel, biocompatible dendritic structures using green synthetic methods to improve drug targeting and efficacy while studying their biodistribution and pharmacokinetics to optimize therapeutic outcomes.<\/p>\n\n\n\n<p><strong>Fun fact: <\/strong>I&#8217;m an enthusiastic chess player and love strategizing my next move, both on the chessboard and in my research.<\/p>\n\n\n\n<h3 class=\"wp-block-heading\">Shamila Gopalakrishnan<\/h3>\n\n\n\n<figure class=\"wp-block-image size-large is-resized\"><img decoding=\"async\" loading=\"lazy\" src=\"https:\/\/s3.wp.wsu.edu\/uploads\/sites\/3471\/2024\/07\/Sham-792x817.jpg\" alt=\"\" class=\"wp-image-23\" width=\"266\" height=\"274\" srcset=\"https:\/\/wpcdn.web.wsu.edu\/wp-labs\/uploads\/sites\/3471\/2024\/07\/Sham-792x817.jpg 792w, https:\/\/wpcdn.web.wsu.edu\/wp-labs\/uploads\/sites\/3471\/2024\/07\/Sham-396x409.jpg 396w, https:\/\/wpcdn.web.wsu.edu\/wp-labs\/uploads\/sites\/3471\/2024\/07\/Sham-768x792.jpg 768w, https:\/\/wpcdn.web.wsu.edu\/wp-labs\/uploads\/sites\/3471\/2024\/07\/Sham-1489x1536.jpg 1489w, https:\/\/wpcdn.web.wsu.edu\/wp-labs\/uploads\/sites\/3471\/2024\/07\/Sham-1985x2048.jpg 1985w, https:\/\/wpcdn.web.wsu.edu\/wp-labs\/uploads\/sites\/3471\/2024\/07\/Sham-192x198.jpg 192w\" sizes=\"(max-width: 266px) 100vw, 266px\" \/><\/figure>\n\n\n\n<p><strong>Joined:<\/strong> Spring 2023<\/p>\n\n\n\n<p><strong>Research Interests &amp; Goals:<\/strong> Focusing on the synthesis of dendrimers, dendritic polymers, and small molecules with applications in nanomedicine targeting specific biological targets. My goal is to contribute to the development of innovative and effective treatments that leverage unique properties of nanomaterials to improve human health.<\/p>\n\n\n\n<p><strong>Fun fact: <\/strong>Live in the moment and enjoy dancing, singing, and drawing. I love to travel and challenge myself with adventurous activities.<\/p>\n\n\n\n<h3 class=\"wp-block-heading\">Vikrantvir Jain<\/h3>\n\n\n\n<figure class=\"wp-block-image size-large is-resized\"><img decoding=\"async\" loading=\"lazy\" src=\"https:\/\/s3.wp.wsu.edu\/uploads\/sites\/3471\/2024\/07\/VJ-792x1188.jpg\" alt=\"\" class=\"wp-image-24\" width=\"216\" height=\"324\" srcset=\"https:\/\/wpcdn.web.wsu.edu\/wp-labs\/uploads\/sites\/3471\/2024\/07\/VJ-792x1188.jpg 792w, https:\/\/wpcdn.web.wsu.edu\/wp-labs\/uploads\/sites\/3471\/2024\/07\/VJ-396x594.jpg 396w, https:\/\/wpcdn.web.wsu.edu\/wp-labs\/uploads\/sites\/3471\/2024\/07\/VJ-768x1152.jpg 768w, https:\/\/wpcdn.web.wsu.edu\/wp-labs\/uploads\/sites\/3471\/2024\/07\/VJ-1024x1536.jpg 1024w, https:\/\/wpcdn.web.wsu.edu\/wp-labs\/uploads\/sites\/3471\/2024\/07\/VJ-1365x2048.jpg 1365w, https:\/\/wpcdn.web.wsu.edu\/wp-labs\/uploads\/sites\/3471\/2024\/07\/VJ-132x198.jpg 132w, https:\/\/wpcdn.web.wsu.edu\/wp-labs\/uploads\/sites\/3471\/2024\/07\/VJ-scaled.jpg 1707w\" sizes=\"(max-width: 216px) 100vw, 216px\" \/><\/figure>\n\n\n\n<p><strong>Joined:<\/strong> Spring 2023<\/p>\n\n\n\n<p><strong>Research Interests &amp; Goals:<\/strong> My research interests are focused on creating new methods and sustainable practices to build complex molecules efficiently. I aim to advance the field by developing innovative and sustainable methodologies for nano-pharmaceuticals, making products more effective and eco-friendy.<\/p>\n\n\n\n<p><strong>Fun fact:<\/strong> I can roast myself.<\/p>\n\n\n\n<h3 class=\"wp-block-heading\">Roya Kashfi Sadabad<\/h3>\n\n\n\n<figure class=\"wp-block-image size-large is-resized\"><img decoding=\"async\" loading=\"lazy\" src=\"https:\/\/s3.wp.wsu.edu\/uploads\/sites\/3471\/2024\/07\/Kashfi-Sadabad-Roya-792x528.jpg\" alt=\"\" class=\"wp-image-25\" width=\"208\" height=\"312\"\/><\/figure>\n\n\n\n<p><strong>Joined:<\/strong> Fall 2023<\/p>\n\n\n\n<p><strong>Research Interests &amp; Goals:<\/strong> My research interest is in developing nanoscale materials for drug delivery. My goal is to synthesize and modify bioactive compounds by designing molecules that target specific biological pathways, aiming to treat diseases more effectively and with fewer side effects.<\/p>\n\n\n\n<p><strong>Fun fact:<\/strong> When I started to speak, the first word I said was &#8216;donkey&#8217;.<\/p>\n\n\n\n<h3 class=\"wp-block-heading\">Ritama Ghosh<\/h3>\n\n\n\n<figure class=\"wp-block-image size-large is-resized\"><img decoding=\"async\" loading=\"lazy\" src=\"https:\/\/s3.wp.wsu.edu\/uploads\/sites\/3471\/2024\/08\/Ritama-photo-792x788.jpg\" alt=\"\" class=\"wp-image-114\" width=\"280\" height=\"278\" srcset=\"https:\/\/wpcdn.web.wsu.edu\/wp-labs\/uploads\/sites\/3471\/2024\/08\/Ritama-photo-792x788.jpg 792w, https:\/\/wpcdn.web.wsu.edu\/wp-labs\/uploads\/sites\/3471\/2024\/08\/Ritama-photo-396x394.jpg 396w, https:\/\/wpcdn.web.wsu.edu\/wp-labs\/uploads\/sites\/3471\/2024\/08\/Ritama-photo-198x198.jpg 198w, https:\/\/wpcdn.web.wsu.edu\/wp-labs\/uploads\/sites\/3471\/2024\/08\/Ritama-photo-768x764.jpg 768w, https:\/\/wpcdn.web.wsu.edu\/wp-labs\/uploads\/sites\/3471\/2024\/08\/Ritama-photo.jpg 1080w\" sizes=\"(max-width: 280px) 100vw, 280px\" \/><\/figure>\n\n\n\n<p><strong>Joined:<\/strong> Fall 2024<\/p>\n\n\n\n<p><strong>Research Interests &amp; Goals:<\/strong> My research interest is based on synthesis of dendrimers and related conjugates in order to enhance the efficacy and safety of drug delivery systems and tackle unmet medical needs. Long-term goal would definitely involve contribution to better therapeutic outcomes for human health by utilizing biomaterials that would be industrially scalable and cost-effective.<\/p>\n\n\n\n<p><strong>Fun fact:<\/strong> Sleep improves my acumen, both in life and in research!<em>\ue712<\/em><\/p>\n\n\n\n<h3 class=\"wp-block-heading\">Toyin Florence Ayandokun<\/h3>\n\n\n\n<figure class=\"wp-block-image size-full is-resized\"><img decoding=\"async\" loading=\"lazy\" src=\"https:\/\/wpcdn.web.wsu.edu\/wp-labs\/uploads\/sites\/3471\/2025\/09\/Toyin-Photo.jpg\" alt=\"\" class=\"wp-image-206\" width=\"244\" height=\"434\" srcset=\"https:\/\/wpcdn.web.wsu.edu\/wp-labs\/uploads\/sites\/3471\/2025\/09\/Toyin-Photo.jpg 556w, https:\/\/wpcdn.web.wsu.edu\/wp-labs\/uploads\/sites\/3471\/2025\/09\/Toyin-Photo-396x704.jpg 396w, https:\/\/wpcdn.web.wsu.edu\/wp-labs\/uploads\/sites\/3471\/2025\/09\/Toyin-Photo-111x198.jpg 111w\" sizes=\"(max-width: 244px) 100vw, 244px\" \/><\/figure>\n\n\n\n<p><strong>Joined: <\/strong>Fall 2025<\/p>\n\n\n\n<p><strong>Research interests &amp; goals: <\/strong>My research interest is in the design and synthesis of dendrimers and small molecules for therapeutic applications. I am passionate about developing innovative drug delivery systems that can enhance the precision, efficacy, and safety of disease treatments. My long-term goal is to make significant contributions to the advancement of nanomedicine and molecular therapeutics, thereby bridging the gap between chemical design and clinical applications.<\/p>\n\n\n\n<p><strong>Fun fact: <\/strong>With good music and sports, my joy is revealed. From headphones to sneakers, I\u2019m always in the field.<\/p>\n\n\n\n<h3 class=\"wp-block-heading\">Ananya Biswas<\/h3>\n\n\n\n<figure class=\"wp-block-image size-large is-resized\"><img decoding=\"async\" loading=\"lazy\" src=\"https:\/\/wpcdn.web.wsu.edu\/wp-labs\/uploads\/sites\/3471\/2025\/09\/WhatsApp-Image-2025-08-29-at-2.42.41-PM-792x1408.jpg\" alt=\"\" class=\"wp-image-207\" width=\"217\" height=\"385\" srcset=\"https:\/\/wpcdn.web.wsu.edu\/wp-labs\/uploads\/sites\/3471\/2025\/09\/WhatsApp-Image-2025-08-29-at-2.42.41-PM-792x1408.jpg 792w, https:\/\/wpcdn.web.wsu.edu\/wp-labs\/uploads\/sites\/3471\/2025\/09\/WhatsApp-Image-2025-08-29-at-2.42.41-PM-396x704.jpg 396w, https:\/\/wpcdn.web.wsu.edu\/wp-labs\/uploads\/sites\/3471\/2025\/09\/WhatsApp-Image-2025-08-29-at-2.42.41-PM-768x1365.jpg 768w, https:\/\/wpcdn.web.wsu.edu\/wp-labs\/uploads\/sites\/3471\/2025\/09\/WhatsApp-Image-2025-08-29-at-2.42.41-PM-864x1536.jpg 864w, https:\/\/wpcdn.web.wsu.edu\/wp-labs\/uploads\/sites\/3471\/2025\/09\/WhatsApp-Image-2025-08-29-at-2.42.41-PM-111x198.jpg 111w, https:\/\/wpcdn.web.wsu.edu\/wp-labs\/uploads\/sites\/3471\/2025\/09\/WhatsApp-Image-2025-08-29-at-2.42.41-PM.jpg 900w\" sizes=\"(max-width: 217px) 100vw, 217px\" \/><\/figure>\n\n\n\n<p><strong>Joined in<\/strong>: Fall 2025<\/p>\n\n\n\n<p><strong>Research Interests and Goals:<\/strong> My research interests are to design biocompatible nanocarriers for the targeted delivery of chemotherapeutic drugs in cancer treatment. I aim to minimize the side effects of conventional therapies by improving drug specificity and reducing off-target interactions, while studying biodistribution and therapeutic outcomes to advance safer and more effective treatments.<\/p>\n\n\n\n<p><strong>Fun fact<\/strong>: I can nap anywhere, anytime- chairs, trains, floor- you name it.<\/p>\n\n\n\n<h2 class=\"wp-block-heading\">Undergraduate Researchers<\/h2>\n\n\n\n<h3 class=\"wp-block-heading\"><strong>Kenneth J. Goody&nbsp;<\/strong><\/h3>\n\n\n\n<figure class=\"wp-block-image size-large is-resized\"><img decoding=\"async\" loading=\"lazy\" src=\"https:\/\/s3.wp.wsu.edu\/uploads\/sites\/3471\/2024\/07\/Ken.png\" alt=\"\" class=\"wp-image-26\" width=\"223\" height=\"316\" srcset=\"https:\/\/wpcdn.web.wsu.edu\/wp-labs\/uploads\/sites\/3471\/2024\/07\/Ken.png 500w, https:\/\/wpcdn.web.wsu.edu\/wp-labs\/uploads\/sites\/3471\/2024\/07\/Ken-396x560.png 396w, https:\/\/wpcdn.web.wsu.edu\/wp-labs\/uploads\/sites\/3471\/2024\/07\/Ken-140x198.png 140w\" sizes=\"(max-width: 223px) 100vw, 223px\" \/><\/figure>\n\n\n\n<p><strong>Joined<\/strong>: Sept. 2023<\/p>\n\n\n\n<p><strong>Research Interests &amp; Goals<\/strong>: My main research interests are in the fields of drug targeting and psychiatric medicine. My goal after my Bachelor of Science in chemistry is to pursue a PhD. in Pharmaceuticals Science. After my schooling I wish to pursue a career in the pharmaceutical industry.<\/p>\n\n\n\n<p><strong>Fun fact:<\/strong> I can play various musical instruments.<\/p>\n\n\n\n<h3 class=\"wp-block-heading\"><strong>Nina Palmer<\/strong><\/h3>\n\n\n\n<figure class=\"wp-block-image size-large is-resized\"><img decoding=\"async\" loading=\"lazy\" src=\"https:\/\/s3.wp.wsu.edu\/uploads\/sites\/3471\/2024\/07\/Nina-P.-Lab-Photo-2-792x1188.jpeg\" alt=\"\" class=\"wp-image-27\" width=\"227\" height=\"340\" srcset=\"https:\/\/wpcdn.web.wsu.edu\/wp-labs\/uploads\/sites\/3471\/2024\/07\/Nina-P.-Lab-Photo-2-792x1188.jpeg 792w, https:\/\/wpcdn.web.wsu.edu\/wp-labs\/uploads\/sites\/3471\/2024\/07\/Nina-P.-Lab-Photo-2-396x594.jpeg 396w, https:\/\/wpcdn.web.wsu.edu\/wp-labs\/uploads\/sites\/3471\/2024\/07\/Nina-P.-Lab-Photo-2-768x1152.jpeg 768w, https:\/\/wpcdn.web.wsu.edu\/wp-labs\/uploads\/sites\/3471\/2024\/07\/Nina-P.-Lab-Photo-2-1024x1536.jpeg 1024w, https:\/\/wpcdn.web.wsu.edu\/wp-labs\/uploads\/sites\/3471\/2024\/07\/Nina-P.-Lab-Photo-2-1366x2048.jpeg 1366w, https:\/\/wpcdn.web.wsu.edu\/wp-labs\/uploads\/sites\/3471\/2024\/07\/Nina-P.-Lab-Photo-2-132x198.jpeg 132w, https:\/\/wpcdn.web.wsu.edu\/wp-labs\/uploads\/sites\/3471\/2024\/07\/Nina-P.-Lab-Photo-2-scaled.jpeg 1707w\" sizes=\"(max-width: 227px) 100vw, 227px\" \/><\/figure>\n\n\n\n<p><strong>Joined:<\/strong> Jan 2024<\/p>\n\n\n\n<p><strong>Research Interests &amp; Goals<\/strong>: I&#8217;m interested in joining the pharmaceutical industry to create new treatments for conditions and ailments that lack them. My goal in this lab is to learn from experienced researchers how a chemistry lab runs and the kinds of procedures that are used. I hope to be able to strengthen my understanding in organic chemistry as well.&nbsp;<\/p>\n\n\n\n<p><strong>Fun fact:<\/strong> I love reptiles and creating art.&nbsp;<\/p>\n\n\n\n<h3 class=\"wp-block-heading\">Zoe Lemchen<\/h3>\n\n\n\n<figure class=\"wp-block-image size-large is-resized\"><img decoding=\"async\" loading=\"lazy\" src=\"https:\/\/s3.wp.wsu.edu\/uploads\/sites\/3471\/2024\/08\/Zoe-Lemchen-Photo.jpeg\" alt=\"\" class=\"wp-image-113\" width=\"197\" height=\"262\" srcset=\"https:\/\/wpcdn.web.wsu.edu\/wp-labs\/uploads\/sites\/3471\/2024\/08\/Zoe-Lemchen-Photo.jpeg 768w, https:\/\/wpcdn.web.wsu.edu\/wp-labs\/uploads\/sites\/3471\/2024\/08\/Zoe-Lemchen-Photo-396x528.jpeg 396w, https:\/\/wpcdn.web.wsu.edu\/wp-labs\/uploads\/sites\/3471\/2024\/08\/Zoe-Lemchen-Photo-149x198.jpeg 149w\" sizes=\"(max-width: 197px) 100vw, 197px\" \/><\/figure>\n\n\n\n<p><strong>Joined:<\/strong> February 2024<\/p>\n\n\n\n<p><strong>Research Interests &amp; Goals<\/strong>: I am interested in the broader fields of medicine and organic chemistry. I am specifically interested in how different drug technologies can improve patient quality of life and reduce treatment toxicities.<\/p>\n\n\n\n<p><strong>Fun-fact:<\/strong> I like to eat ice cream when it&#8217;s cold outside so it doesn&#8217;t melt as fast.<\/p>\n\n\n\n<h3 class=\"wp-block-heading\"><strong>Dallin Evans<\/strong><\/h3>\n\n\n\n<figure class=\"wp-block-image size-large is-resized\"><img decoding=\"async\" loading=\"lazy\" src=\"https:\/\/s3.wp.wsu.edu\/uploads\/sites\/3471\/2024\/07\/Dallin.jpg\" alt=\"\" class=\"wp-image-28\" width=\"304\" height=\"457\" srcset=\"https:\/\/wpcdn.web.wsu.edu\/wp-labs\/uploads\/sites\/3471\/2024\/07\/Dallin.jpg 682w, https:\/\/wpcdn.web.wsu.edu\/wp-labs\/uploads\/sites\/3471\/2024\/07\/Dallin-396x595.jpg 396w, https:\/\/wpcdn.web.wsu.edu\/wp-labs\/uploads\/sites\/3471\/2024\/07\/Dallin-132x198.jpg 132w\" sizes=\"(max-width: 304px) 100vw, 304px\" \/><\/figure>\n\n\n\n<p><strong>Joined:<\/strong> March 2024<\/p>\n\n\n\n<p><strong>Research Interests &amp; Goals<\/strong>: One of the coolest things about is lab is that we get to help in the ongoing battle against cancer with the long-term goal of sending the cancer drugs straight to the source via dendrimers. To top it off, I want to further the research with anti-inflammatory dendrimers to help aid with inflammation control during pre and post orthopedic surgery.&nbsp;<\/p>\n\n\n\n<p><strong>Fun fact:<\/strong> I can operate a combine harvester.<\/p>\n\n\n\n<h3 class=\"wp-block-heading\"><strong>Joan&nbsp;Castaneda Gonzalez&nbsp;<\/strong> &nbsp;<\/h3>\n\n\n\n<figure class=\"wp-block-image size-large is-resized\"><img decoding=\"async\" loading=\"lazy\" src=\"https:\/\/s3.wp.wsu.edu\/uploads\/sites\/3471\/2024\/07\/Jo-792x1115.jpeg\" alt=\"\" class=\"wp-image-29\" width=\"219\" height=\"308\" srcset=\"https:\/\/wpcdn.web.wsu.edu\/wp-labs\/uploads\/sites\/3471\/2024\/07\/Jo-792x1115.jpeg 792w, https:\/\/wpcdn.web.wsu.edu\/wp-labs\/uploads\/sites\/3471\/2024\/07\/Jo-396x558.jpeg 396w, https:\/\/wpcdn.web.wsu.edu\/wp-labs\/uploads\/sites\/3471\/2024\/07\/Jo-768x1082.jpeg 768w, https:\/\/wpcdn.web.wsu.edu\/wp-labs\/uploads\/sites\/3471\/2024\/07\/Jo-1091x1536.jpeg 1091w, https:\/\/wpcdn.web.wsu.edu\/wp-labs\/uploads\/sites\/3471\/2024\/07\/Jo-141x198.jpeg 141w, https:\/\/wpcdn.web.wsu.edu\/wp-labs\/uploads\/sites\/3471\/2024\/07\/Jo.jpeg 1242w\" sizes=\"(max-width: 219px) 100vw, 219px\" \/><\/figure>\n\n\n\n<p>Joined: June 2024<\/p>\n\n\n\n<p><strong>Research Interests &amp; Goals<\/strong>: I am interested in synthetic organic chemistry and chemical biology research. I plan to pursue my PhD in Organic Chemistry and eventually lead my own research lab while mentoring the next generation of scientists.<\/p>\n\n\n\n<p><strong>Fun fact:<\/strong> I love anything horror (movies, books, shows, etc.)<\/p>\n\n\n\n<h2 class=\"wp-block-heading\">Lab Alumni<\/h2>\n\n\n\n<h3 class=\"wp-block-heading\">Undergraduate students<\/h3>\n\n\n\n<p>Sylvia Vi Xaivong<\/p>\n\n\n\n<p>Alex Hunter Wilmoth&nbsp;<\/p>\n\n\n\n<p><\/p>\n","protected":false},"excerpt":{"rendered":"<p>Principal Investigator Dr. Anjali Sharma Assistant Professor Fall 2022 \u2013 Present Room: Troy 222 Phone: (509) 335-2279 Email: Anjali.sharma@wsu.edu Ph.D. in Materials Chemistry, McGill University Postdoctoral Research in Dendrimer Nanomedicine, Johns Hopkins Center for Nanomedicine co-Founder: Partha Therapeutics Volunteer Researchers Dr. Rishi Sharma Volunteer Research Scientist: Aug 2022-Present Director of Business Development, WSU College of [&hellip;]<\/p>\n","protected":false},"author":34746,"featured_media":0,"parent":0,"menu_order":0,"comment_status":"closed","ping_status":"closed","template":"","meta":[],"wsuwp_university_location":[],"wsuwp_university_org":[],"_links":{"self":[{"href":"https:\/\/labs.wsu.edu\/sharma\/wp-json\/wp\/v2\/pages\/18"}],"collection":[{"href":"https:\/\/labs.wsu.edu\/sharma\/wp-json\/wp\/v2\/pages"}],"about":[{"href":"https:\/\/labs.wsu.edu\/sharma\/wp-json\/wp\/v2\/types\/page"}],"author":[{"embeddable":true,"href":"https:\/\/labs.wsu.edu\/sharma\/wp-json\/wp\/v2\/users\/34746"}],"replies":[{"embeddable":true,"href":"https:\/\/labs.wsu.edu\/sharma\/wp-json\/wp\/v2\/comments?post=18"}],"version-history":[{"count":10,"href":"https:\/\/labs.wsu.edu\/sharma\/wp-json\/wp\/v2\/pages\/18\/revisions"}],"predecessor-version":[{"id":254,"href":"https:\/\/labs.wsu.edu\/sharma\/wp-json\/wp\/v2\/pages\/18\/revisions\/254"}],"wp:attachment":[{"href":"https:\/\/labs.wsu.edu\/sharma\/wp-json\/wp\/v2\/media?parent=18"}],"wp:term":[{"taxonomy":"wsuwp_university_location","embeddable":true,"href":"https:\/\/labs.wsu.edu\/sharma\/wp-json\/wp\/v2\/wsuwp_university_location?post=18"},{"taxonomy":"wsuwp_university_org","embeddable":true,"href":"https:\/\/labs.wsu.edu\/sharma\/wp-json\/wp\/v2\/wsuwp_university_org?post=18"}],"curies":[{"name":"wp","href":"https:\/\/api.w.org\/{rel}","templated":true}]}}