{"id":90,"date":"2016-08-20T16:33:35","date_gmt":"2016-08-20T23:33:35","guid":{"rendered":"http:\/\/labs.wsu.edu\/tanaka-lab\/?page_id=90"},"modified":"2025-10-10T13:23:42","modified_gmt":"2025-10-10T20:23:42","slug":"natalia-moroz","status":"publish","type":"page","link":"https:\/\/labs.wsu.edu\/tanaka-lab\/natalia-moroz\/","title":{"rendered":"Natalia Moroz"},"content":{"rendered":"<br \/>\n<section id=\"builder-section-1471732344018\" class=\"row single gutter pad-top\">\n<div style=\"\" class=\"column one \">\n<p><span style=\"color: #6e6e6e\"><span style=\"font-size: 14pt\"><strong><a href=\"https:\/\/labs.wsu.edu\/tanaka-lab\/\">Home<\/a> | <a href=\"http:\/\/labs.wsu.edu\/tanaka-lab\/research\/\">Research <\/a>| <a href=\"https:\/\/labs.wsu.edu\/tanaka-lab\/publications\/\">Publications<\/a><\/strong><span style=\"color: #800000\"><strong>\u00a0<\/strong><\/span><strong>|\u00a0<\/strong><strong style=\"letter-spacing: 0px\"><span style=\"text-decoration: underline\">Personnel<\/span> | <a href=\"https:\/\/labs.wsu.edu\/tanaka-lab\/opportunities\/\">Opportunities<\/a> |\u00a0<\/strong><strong style=\"letter-spacing: 0px\"><a href=\"http:\/\/labs.wsu.edu\/tanaka-lab\/lab-news\/\">Lab News<\/a><\/strong><\/span><\/span><\/p>\n<p>&nbsp;<\/p>\n<h1><span style=\"color: #6e6e6e\"><a style=\"color: #6e6e6e\" href=\"https:\/\/labs.wsu.edu\/tanaka-lab\/personnel\/\"><strong>Tanaka Lab &#8211; Personnel<\/strong><\/a><\/span><\/h1>\n<p>&nbsp;<\/p>\n<h1><strong><span style=\"color: #333333\">Natalia Moroz<\/span><img decoding=\"async\" loading=\"lazy\" class=\"wp-image-459 alignright\" src=\"https:\/\/wpcdn.web.wsu.edu\/wp-labs\/uploads\/sites\/1446\/2016\/08\/Photo_NataliaMoroz-1-396x390.jpg\" alt=\"\" width=\"251\" height=\"247\" srcset=\"https:\/\/wpcdn.web.wsu.edu\/wp-labs\/uploads\/sites\/1446\/2016\/08\/Photo_NataliaMoroz-1-396x390.jpg 396w, https:\/\/wpcdn.web.wsu.edu\/wp-labs\/uploads\/sites\/1446\/2016\/08\/Photo_NataliaMoroz-1-768x757.jpg 768w, https:\/\/wpcdn.web.wsu.edu\/wp-labs\/uploads\/sites\/1446\/2016\/08\/Photo_NataliaMoroz-1-792x780.jpg 792w, https:\/\/wpcdn.web.wsu.edu\/wp-labs\/uploads\/sites\/1446\/2016\/08\/Photo_NataliaMoroz-1-990x975.jpg 990w, https:\/\/wpcdn.web.wsu.edu\/wp-labs\/uploads\/sites\/1446\/2016\/08\/Photo_NataliaMoroz-1-1188x1171.jpg 1188w\" sizes=\"(max-width: 251px) 100vw, 251px\" \/><br \/>\n<\/strong><\/h1>\n<h3>Research Associate<\/h3>\n<h6><\/h6>\n<h6>Contact Information<\/h6>\n<p style=\"padding-left: 30px\">WSU Plant Pathology<br \/>\nPO BOX 646430<br \/>\nPullman, WA, 99163-6430<br \/>\n<span style=\"font-size: 10pt\">Office &#8211; Plant Sciences Building 251<br \/>\nLab &#8211; Plant Sciences Building 215 &amp; 235<br \/>\nPhone: (509) 335-5813 | Fax: (509) 335-9581<\/span><br \/>\n<span style=\"font-size: 10pt\"><a href=\"mailto:natalia.moroz@wsu.edu\">natalia.moroz [at] wsu.edu<\/a><\/span><\/p>\n<h6>Education<\/h6>\n<ul>\n<li>1998 Ph.D. (Chemistry), Department of Chemistry, Moscow State University, Russia<\/li>\n<li>1991 B.S. (Chemistry), Department of Chemistry, Kyrgyz State University, Frunze (now Bishkek), Kyrgyzstan<\/li>\n<\/ul>\n<h6>Professional<strong> Experience<\/strong><\/h6>\n<ul>\n<li>2015-Present\u00a0 \u00a0Research Associate, Department of Plant Pathology, Washington State University, Pullman, WA<\/li>\n<li>2012-15\u00a0 \u00a0 \u00a0 \u00a0 \u00a0 \u00a0 Postdoctoral Research Associate, Voiland School of Chemical Engineering and Bioengineering, Washington State University, Pullman, WA<\/li>\n<li>2010-11\u00a0 \u00a0 \u00a0 \u00a0 \u00a0 \u00a0 Research Associate III, Neuroscience and Cell Biology Department, Rutgers Robert Wood Johnson Medical School, University of Medicine and Dentistry of New Jersey, NJ<\/li>\n<li>2008-09\u00a0 \u00a0 \u00a0 \u00a0 \u00a0 \u00a0 Research Scholar, W.M. Burke Medical Research Institute, Cornell University Medical College, White Plains, NY<\/li>\n<li>2004-08\u00a0 \u00a0 \u00a0 \u00a0 \u00a0 \u00a0 Lumtek, LLC, Moscow, Russia<\/li>\n<li>1997-2008\u00a0 \u00a0 \u00a0 \u00a0Senior Research Scientist, Chemistry Department, Moscow State University, Russia<\/li>\n<\/ul>\n<h6>Academic Honors, Awards, and Achievements<\/h6>\n<ul>\n<li>Postdoc Travel Award to attend American Society for Cell Biology. New Orleans, LN, USA (2013)<\/li>\n<li>PhD student Travel Award to attend XIII International Congress on Fibrinolysis and Thrombolysis. Barcelona, Spain (1996)<\/li>\n<li>PhD student Travel Award to attend III International Union of Biology and Molecular Biology Conference &#8220;Molecular Recognition&#8221;. Singapore (1995)<\/li>\n<\/ul>\n<h6>Teaching Experience<\/h6>\n<ul>\n<li>Guest lecturer for HONORS 390 Global Issues in the Sciences at WSU, Pullman, WA (2016, 2017, 2021)<\/li>\n<li>Guest lecturer for Pl_P 535 Molecular Genetics of Plant-Pathogen Interactions at WSU, Pullman, WA (2016)<\/li>\n<li>Guest lecturer for BE 481 Protein Bioengineering, Chemical Engineering and Bioengineering, at WSU, Pullman, WA (2014)<\/li>\n<\/ul>\n<h6>Current Research Focus<\/h6>\n<ul>\n<li>Improved disease control strategies for potato powdery scab and silver scurf<\/li>\n<\/ul>\n<h6>Profile links<\/h6>\n<p><a href=\"https:\/\/orcid.org\/0000-0001-5621-3898\">ORCiD<\/a> | <a href=\"http:\/\/loop.frontiersin.org\/people\/381347\/overview\">Loop<\/a> | <a href=\"https:\/\/www.researchgate.net\/profile\/Natalia_Moroz\">ResearchGate<\/a>\u00a0| <a href=\"https:\/\/www.linkedin.com\/in\/moroz-natalia-095b18a7\">LinkedIn<\/a><\/p>\n<h6>Publications<\/h6>\n<ol>\n<li>Jayasinghe SK, <strong>Moroz N<\/strong>, Yuan P, Kolomiets MV, Tanaka K (2025) Salicylic Acid Plays a Major Role in Potato Defense Against Powdery Scab Pathogen, <em>Spongospora subterranea<\/em> f. sp. <em>subterranea<\/em>. <em>Mol Plant-Microbe Int<\/em>\u00a0(in press). <a href=\"https:\/\/doi.org\/10.1094\/MPMI-12-24-0154-R\">https:\/\/doi.org\/10.1094\/MPMI-12-24-0154-R<\/a><\/li>\n<li><strong>Moroz N<\/strong>, Colvin B, Jayasinghe SK, Gleason C, Tanaka K (2024) Phytocytokine StPep1-secreting bacteria suppress potato powdery scab disease. <em>Phytopathology <\/em>114: 2055-2063.\u00a0<a class=\"ms-outlook-linkify\" href=\"https:\/\/doi.org\/10.1094\/PHYTO-01-24-0019-R\" target=\"_blank\" rel=\"noopener\">https:\/\/doi.org\/10.1094\/PHYTO-01-24-0019-R<\/a><\/li>\n<li>Basu S, <strong>Moroz N<\/strong>, Lee BW, Tanaka K, Oeller L, Baerlocher C, Crowder DW (2023) Diversity and traits of multiple biotic stressors elicit differential defense responses in legumes. <em>Agriculture<\/em> 13: 2093 <a href=\"https:\/\/doi.org\/10.3390\/agriculture13112093\">https:\/\/doi.org\/10.3390\/agriculture13112093<\/a><\/li>\n<li>Braley LE, Jewell JB, Figueroa J, Humann JL, Main D, Mora-Romero GA, <strong>Moroz N<\/strong>, Woodhall JW, White RA III, Tanaka K (2023) Nanopore sequencing with GraphMap for comprehensive pathogen detection in potato field soil. <em>Plant Dis.<\/em>\u00a0107: 2288-2295 <a href=\"https:\/\/doi.org\/10.1094\/PDIS-01-23-0052-SR\">doi:10.1094\/PDIS-01-23-0052-SR<\/a><\/li>\n<li>Tanaka K, DeShields JB, <strong>Moroz N<\/strong>, Woodhall JW (2022) Isothermal amplification for potato disease diagnosis: what have we learned from detection of the powdery scab pathogen? <em>Potato Progress<\/em> 22 (4) <a href=\"https:\/\/doi.org\/10.7273\/000004646\">doi:10.7273\/000004646<\/a><\/li>\n<li>Combest MM, <strong>Moroz N<\/strong>, Tanaka K, Rogan CJ, Anderson JC, Thura L, Rakotondrafara AM, Goyer A (2021) StPIP1, a PAMP-induced peptide in potato, elicits plant defenses and is associated with disease symptom severity in a compatible interaction with potato virus Y. <em>J. Exp. Bot.<\/em> 72: 4472-4488 <a href=\"https:\/\/doi.org\/10.1093\/jxb\/erab078\">doi:10.1093\/jxb\/erab078<\/a><\/li>\n<li>Zhang L, Fahy D, Koteyeva N, <strong>Moroz<\/strong> N, Kucha\u0159ov\u00e1 A, Manoilov E, Smertenko P, Galva G, \u0160amaj J, Kostyukova AS, Sedbrook JC, Smertenko A (2021). Analysis of formins role during cytokinesis using specific inhibitor SMIFH2. <em>Plant Physiol<\/em>. <a href=\"https:\/\/doi.org\/10.1093\/plphys\/kiab085\">doi:10.1093\/plphys\/kiab085<\/a><\/li>\n<li>Tolkatchev D, Kuruba B, Smith GE Jr, Swain KD, Smith KA, <strong>Moroz N<\/strong>, Williams TJ, Kostyukova AS (2020). Structural insights into the tropomodulin assembly at the pointed ends of actin filaments. <em>Protein Sci<\/em>. 2020: 1-15 <a href=\"https:\/\/doi. org\/10.1002\/pro.4000\">doi:10.1002\/pro.4000<\/a><\/li>\n<li><strong>Moroz N<\/strong>, Tanaka K (2020) FlgII-28 is a major flagellin-derived defense elicitor for potato. <i>Mol. Plant-Microbe Int.<\/i> 33: 247-255 <a href=\"https:\/\/doi.org\/10.1094\/MPMI-06-19-0164-R\">doi:10.1094\/MPMI-06-19-0164-R<\/a><\/li>\n<li>DeShields JB, <strong>Moroz N<\/strong>, Braley LE, Mora-Romero GA, Tanaka K (2019) Recombinase polymerase amplification (RPA) for the rapid isothermal detection of <em>Spongospora subterranea<\/em> f. sp. <em>subterranea<\/em> and potato mop-top virus. <em>Am. J. Potato Res.<\/em>\u00a096: 617-624 <a href=\"https:\/\/doi.org\/10.1007\/s12230-019-09750-7\">doi:10.1007\/s12230-019-09750-7<\/a><\/li>\n<li>DeShields JB, Bomberger RA, Woodhall JW, Wheeler DL, <strong>Moroz N<\/strong>, Johnson DA, Tanaka K (2018) On-site molecular detection of soil-borne phytopathogens using a portable real-time PCR system. <em>J. Vis. Exp.\u00a0<\/em>e56891 <a href=\"https:\/\/doi.org\/10.3791\/56891\">doi:10.3791\/56891<\/a><\/li>\n<li><strong>Moroz N<\/strong>, Huffaker A, Tanaka K (2017) Extracellular alkalinization assay for detection of early defense response. <em>Curr. Protoc. Plant Biol.\u00a0<\/em>2: 210-220\u00a0<a href=\"https:\/\/doi.org\/10.1002\/cppb.20057\">doi:10.1002\/cppb.20057<\/a><\/li>\n<li><strong>Moroz N<\/strong>, Fritch KR, Marcec MJ, Tripathi D, Smertenko A, Tanaka K (2017) Extracellular alkalinization as a defense response in potato cells. <em>Front. Plant Sci.<\/em> 8: 32 <a href=\"http:\/\/dx.doi.org\/10.3389\/fpls.2017.00032\" target=\"_blank\" rel=\"noopener noreferrer\">doi:10.3389\/fpls.2017.00032<\/a><\/li>\n<li>Ly T*, <strong>Moroz N<\/strong>*, Pappas CT, Novak SM, Tolkatchev D, Wooldridge D, Mayfield RM, Helms G, Gregorio CC, Kostyukova AS (2016) The N-terminal tropomyosin- and actin-binding sites are important for leiomodin 2&#8217;s function. <em>Mol. Biol. Cell<\/em> 27: 2565-75 *equal contribution <a href=\"http:\/\/dx.doi.org\/10.1091\/mbc.E16-03-0200\" target=\"_blank\" rel=\"noopener noreferrer\">doi:10.1091\/mbc.E16-03-0200<\/a><\/li>\n<li>Colpan M, <strong>Moroz NA<\/strong>, Gray KT, Cooper DA, Diaz CA, Kostyukova AS (2016) Tropomyosin-binding properties modulate competition between tropomodulin isoforms. <em>Arch. Biochem. Biophys.<\/em> 600: 23-32 <a href=\"http:\/\/dx.doi.org\/10.1016\/j.abb.2016.04.006\" target=\"_blank\" rel=\"noopener noreferrer\">doi:10.1016\/j.abb.2016.04.006<\/a><\/li>\n<li>Colpan M, Tolkatchev D, Grover S, Helms G, Cort J,<strong> Moroz N<\/strong>, Kostyukova AS (2016). Localization of the Binding Interface between Leiomodin-2 and alpha-Tropomyosin.\u00a0<em>Biochem. Biophys. Acta<\/em> 1864: 523-30 <a href=\"http:\/\/dx.doi.org\/10.1016\/j.bbapap.2016.02.009\" target=\"_blank\" rel=\"noopener noreferrer\">doi:10.1016\/j.bbapap.2016.02.009<\/a><\/li>\n<li>Hushpulian DM, Zakharyants AA, Smirnova NA, Poloznikov AA, Moroz NA, Tishkov VI, Gazaryan IG (2015) Reactivation of HIF prolyl hydroxylase 2 from E.coli inclusion bodies. <em>Russ Chem Bull<\/em> 64, 1671\u20137 <a href=\"https:\/\/doi.org\/10.1007\/s11172-015-1058-4\">doi:10.1007\/s11172-015-1058-4<\/a><\/li>\n<li>Yuen M, Sandaradura SA, Dowling JJ, Kostyukova AS, <strong>Moroz N<\/strong> et al. (2014) Leiomodin-3 dysfunction results in thin filament disorganization and nemaline myopathy. <em>J. Clinic. Invest.<\/em>\u00a0124: 4693-708\u00a0<a href=\"http:\/\/dx.doi.org\/10.1172\/JCI75199\" target=\"_blank\" rel=\"noopener noreferrer\">doi:10.1172\/JCI75199<\/a><\/li>\n<li>Guillaud L, Gray KT, <strong>Moroz N<\/strong>, Pantazis C, Pate E, Kostyukova AS (2014) Role of Tropomodulin\u2019s Leucine Rich Repeat Domain in the Formation of Neurite-like Processes. <em>Biochemistry<\/em> 53: 2689-700 <a href=\"http:\/\/dx.doi.org\/10.1021\/bi401431k\" target=\"_blank\" rel=\"noopener noreferrer\">doi:10.1021\/bi401431k<\/a><\/li>\n<li>Galeva A, <strong>Moroz N<\/strong>, Yoon Y-H, Hughes KT, Samatey FA, Kostyukova AS (2014) Bacterial flagellin-specific chaperone FliS interacts with anti-sigma factor FlgM. <em>J. Bacteriol.<\/em>\u00a0196: 1215\u201321 <a href=\"http:\/\/dx.doi.org\/10.1128\/JB.01278-13\" target=\"_blank\" rel=\"noopener noreferrer\">doi:10.1128\/JB.01278-13<\/a><\/li>\n<li>Colpan M, <strong>Moroz N<\/strong>, Kostyukova AS (2013) Tropomodulins and Tropomyosins: Working as a team. <em>J. Muscle Res. Cell Motility 3: 247-60 <\/em><a href=\"http:\/\/dx.doi.org\/10.1007\/s10974-013-9349-6\" target=\"_blank\" rel=\"noopener noreferrer\">doi:10.1007\/s10974-013-9349-6<\/a><\/li>\n<li><strong>Moroz N<\/strong>, Novak S, Azevedo R, Colpan M, Uversky V, Gregorio C, Kostyukova AS (2013) Alteration of tropomyosin-binding properties of tropomodulin1 affects its capping ability and localization in skeletal myocytes. <em>J. Biol. Chem.<\/em> 288: 4899-907 <a href=\"http:\/\/dx.doi.org\/10.1074\/jbc.M112.434522\" target=\"_blank\" rel=\"noopener noreferrer\">doi:10.1074\/jbc.M112.434522<\/a><\/li>\n<li><strong>Moroz N<\/strong>, Guillaud L, Desai B, Kostyukova AS (2013) Mutations changing tropomyosin affinity in site 1 of tropomodulin alter neurite formation and extension. <em>Peer J.<\/em> 1: e7 <a href=\"http:\/\/dx.doi.org\/10.7717\/peerj.7\" target=\"_blank\" rel=\"noopener noreferrer\">doi:10.7717\/peerj.7<\/a><\/li>\n<li>Tsukada T, Pappas CT, <strong>Moroz N<\/strong>, Antin PB, Kostyukova AS, Gregorio CC (2010) Leiomodin-2 is an antagonist of tropomodulin-1 at the pointed end of the thin filaments in cardiac muscle. <em>J. Cell Sci.<\/em>\u00a0123: 3136-45 <a href=\"http:\/\/dx.doi.org\/10.1242\/jcs.071837\" target=\"_blank\" rel=\"noopener noreferrer\">doi:10.1242\/jcs.071837<\/a><\/li>\n<li>Smirnova N, Rakhman I, <strong>Moroz N<\/strong>, Basso M, Payapilli J, Hernandes-Guzman F, Kazakov S, Gaysina I, Ratan R, Gazaryan I (2010) Utilization of an in vivo reporter for high-throughput screen for HIF stabilizers: identification of novel group of branched HIF prolyl hydroxylase inhibitors. <em>Chemistry &amp; Biology<\/em> 17: 380\u201391 <a href=\"http:\/\/dx.doi.org\/10.1016\/j.chembiol.2010.03.008\" target=\"_blank\" rel=\"noopener noreferrer\">doi:10.1016\/j.chembiol.2010.03.008<\/a><\/li>\n<li><strong>Moroz NA<\/strong>, Gursky DY, Ugarova NN (2008) Stabilization of ATP- Reagents containing firefly luciferase Luciola mingrelica by polyols. <em>Moscow University Chemistry Bulletin<\/em> 49: 86-90 <a href=\"http:\/\/dx.doi.org\/10.3103\/S0027131408020041\" target=\"_blank\" rel=\"noopener noreferrer\">doi:10.3103\/S0027131408020041<\/a><\/li>\n<li>Froundjian VG, Lomakina GY, <strong>Moroz NA<\/strong>, Ugarova NN (2005) Bioluminescence assay of microbial contamination of force-meat. <em>Meat Industry<\/em> 2: 54-57<\/li>\n<li>Gladysheva IP, <strong>Moroz NA,<\/strong> Karmakova TA, Nemtsova ER, Yakubovskaya RI, Larionova NI (2002) Immunoconjugates of soybean Bowman-Birk protease inhibitor as targeted antitumor polymeric agents.<em> J. Drug Target.<\/em>\u00a09: 303-16 <a href=\"http:\/\/dx.doi.org\/10.3109\/10611860108998767\" target=\"_blank\" rel=\"noopener noreferrer\">doi:10.3109\/10611860108998767<\/a><\/li>\n<li>Balabushevitch NG, Sukhorukov GB, <strong>Moroz NA<\/strong>, Kazanskaya NF, Larionova NI, Volodkin DV, Donath E, Mehwald H (2001) Encapsulation of proteins by layer-by-layer adsorption of polyelectrolytes onto protein aggregates: Factors regulating the protein release. <em>Biotechnology and Bioengineering<\/em> 76: 207-13 <a href=\"http:\/\/dx.doi.org\/10.1002\/bit.1184\" target=\"_blank\" rel=\"noopener noreferrer\">doi:10.1002\/bit.1184<\/a><\/li>\n<li>Gladysheva IP, <strong>Moroz NA<\/strong>, Papisova AI, Larionova NI (2001) Soybean Bowman-Birk inhibitor conjugates with clinical dextran: synthesis and antiproteolytic activity. <em>Biochemistry (Moscow)<\/em> 66: 384-9 <a href=\"http:\/\/dx.doi.org\/10.1023\/A:1010241127300\" target=\"_blank\" rel=\"noopener noreferrer\">doi:10.1023\/A:1010241127300<\/a><\/li>\n<li>Gladysheva IP, Balabushevich NG, <strong>Moroz NA<\/strong>, Larionova NI (2000) Isolation and characterization of soybean Bowman-Birk inhibitor from different sources. <em>Biochemistry (Moscow)<\/em> 65: 198-203\u00a0<a href=\"http:\/\/www.ncbi.nlm.nih.gov\/pubmed\/10713547\" target=\"_blank\" rel=\"noopener noreferrer\">PMID:10713547<\/a><\/li>\n<li>Larionova NI, <strong>Moroz NA<\/strong>, Tyurina OP (1999) Molecular design, characterization activity of conjugates of protein proteinase inhibitors. <em>S. T. P.<\/em> <em>Pharma Sci.<\/em>\u00a09: 65-80<\/li>\n<li>Kil&#8217;deeva NR, Trusova SP, Gorchakova VA, Khomyakov KP, Larionova NI, Balabushevitch NG, <strong>Moroz NA<\/strong>, Virnik AD (1997) Multicomponent Polymer Systems Containing Biologically Active Proteins and Antimicrobial Compounds. <em>Applied Biochem. Microbiol.<\/em>\u00a033: 433-6 <a href=\"http:\/\/dx.doi.org\/10.1007\/BF02785695\" target=\"_blank\" rel=\"noopener noreferrer\">doi:10.1007\/BF02785695<\/a><\/li>\n<li>Balabushevitch NG, Kildeyeva NR, <strong>Moroz NA<\/strong>, Trusova SP, Khromov GL, Larionova NI (1996) Regulating Aspects of Biosoluble and Insoluble Film Release Systems Containing Protein Proteinase Inhibitor. <em>Applied Biochem. Biotech.<\/em> 61: 129-38 <a href=\"http:\/\/dx.doi.org\/10.1007\/BF02785695\" target=\"_blank\" rel=\"noopener noreferrer\">doi:10.1007\/BF02785695<\/a><\/li>\n<li>Larionova NI, <strong>Moroz NA<\/strong>, Balabushevitch NG, Khromov GL, Kildeyeva NR (1995) Engineering-Enzymological Approach to the Design of Polymeric Forms of Aprotinin. <em>Vestnik Moskovskogo Universiteta Seriya 2 Khimiya<\/em> 36: 139-44<\/li>\n<li>Larionova NI, Balabushevitch NG, Gladysheva IP, <strong>Moroz NA<\/strong>, Kazanskaya NF, Polekhina OV, Donetsky IA (1994) Natural Protease Inhibitors as a Basis for the New Drug Synthesis. <em>Voprosi Med. Khimii<\/em> 40: 25-31\u00a0<a href=\"http:\/\/www.ncbi.nlm.nih.gov\/pubmed\/7521547\" target=\"_blank\" rel=\"noopener noreferrer\">PMID: 7521547<\/a><\/li>\n<\/ol>\n<p>&nbsp;<\/p>\n<\/p><\/div>\n<\/section>\n<section id=\"builder-section-1760127777694\" class=\"row single gutter pad-top\">\n<div style=\"\" class=\"column one \">\n<hr \/>\n<p><span style=\"color: #0000ff\"><a style=\"color: #0000ff\" href=\"http:\/\/labs.wsu.edu\/tanaka-lab\/\">Home <\/a><\/span>| <a href=\"http:\/\/labs.wsu.edu\/tanaka-lab\/research\/\"><span style=\"color: #0000ff\">Research<\/span> <\/a>| <a href=\"http:\/\/labs.wsu.edu\/tanaka-lab\/publications\/\"><span style=\"color: #0000ff\">Publications<\/span> <\/a>| <a href=\"http:\/\/labs.wsu.edu\/tanaka-lab\/personnel\/\"><span style=\"color: #0000ff\">Personnel<\/span> <\/a>| <span style=\"color: #0000ff\"><a href=\"http:\/\/labs.wsu.edu\/tanaka-lab\/lab-news\/\"><span style=\"color: #0000ff\">Lab News<\/span><br \/>\n<\/a><\/span><span style=\"color: #000000\"><a href=\"http:\/\/plantpath.wsu.edu\/\">Department of Plant Pathology<\/a> | <a href=\"https:\/\/wsu.edu\/\">Washington State University<\/a> | PO Box 646430, Pullman, WA 99164-6430<\/span><\/p>\n<\/p><\/div>\n<\/section>\n","protected":false},"excerpt":{"rendered":"<p><strong><a href=\"https:\/\/labs.wsu.edu\/tanaka-lab\/\">Home<\/a> | <a href=\"http:\/\/labs.wsu.edu\/tanaka-lab\/research\/\">Research <\/a>| <a href=\"https:\/\/labs.wsu.edu\/tanaka-lab\/publications\/\">Publications<\/a><\/strong><strong>\u00a0<\/strong><strong>|\u00a0<\/strong><strong style=\"letter-spacing: 0px\">Personnel | <a href=\"https:\/\/labs.wsu.edu\/tanaka-lab\/opportunities\/\">Opportunities<\/a> |\u00a0<\/strong><strong style=\"letter-spacing: 0px\"><a href=\"http:\/\/labs.wsu.edu\/tanaka-lab\/lab-news\/\">Lab News<\/a><\/strong><\/p>\n<p>&nbsp;<\/p>\n<p><a style=\"color: #6e6e6e\" href=\"https:\/\/labs.wsu.edu\/tanaka-lab\/personnel\/\"><strong>Tanaka Lab &#8211; Personnel<\/strong><\/a><\/p>\n<p>&nbsp;<\/p>\n<p><strong>Natalia Moroz<img decoding=\"async\" loading=\"lazy\" class=\"wp-image-459 alignright\" src=\"https:\/\/wpcdn.web.wsu.edu\/wp-labs\/uploads\/sites\/1446\/2016\/08\/Photo_NataliaMoroz-1-396x390.jpg\" alt=\"\" width=\"251\" height=\"247\" srcset=\"https:\/\/wpcdn.web.wsu.edu\/wp-labs\/uploads\/sites\/1446\/2016\/08\/Photo_NataliaMoroz-1-396x390.jpg 396w, https:\/\/wpcdn.web.wsu.edu\/wp-labs\/uploads\/sites\/1446\/2016\/08\/Photo_NataliaMoroz-1-768x757.jpg 768w, https:\/\/wpcdn.web.wsu.edu\/wp-labs\/uploads\/sites\/1446\/2016\/08\/Photo_NataliaMoroz-1-792x780.jpg 792w, https:\/\/wpcdn.web.wsu.edu\/wp-labs\/uploads\/sites\/1446\/2016\/08\/Photo_NataliaMoroz-1-990x975.jpg 990w, https:\/\/wpcdn.web.wsu.edu\/wp-labs\/uploads\/sites\/1446\/2016\/08\/Photo_NataliaMoroz-1-1188x1171.jpg 1188w\" sizes=\"(max-width: 251px) 100vw, 251px\" \/><br \/> <\/strong><\/p>\n<h3>Research Associate<\/h3>\n<p>Contact Information<\/p>\n<p style=\"padding-left: 30px\">WSU Plant Pathology<br \/> PO BOX 646430<br \/> Pullman, WA, 99163-6430<br \/> Office &#8211; Plant Sciences Building 251<br \/> Lab &#8211; Plant Sciences Building 215 &amp; 235<br \/> Phone: (509) 335-5813 | Fax: (509) 335-9581<br \/> <a href=\"mailto:natalia.moroz@wsu.edu\">natalia.moroz [at] wsu.edu<\/a><\/p>\n<p>Education<\/p>\n<p>1998 Ph.D. (Chemistry), Department &#8230; <a href=\"https:\/\/labs.wsu.edu\/tanaka-lab\/natalia-moroz\/\" class=\"more-link\"><span class=\"more-default\">&raquo; More &#8230;<\/span><\/a><\/p>\n","protected":false},"author":2755,"featured_media":0,"parent":0,"menu_order":0,"comment_status":"closed","ping_status":"closed","template":"template-builder.php","meta":[],"wsuwp_university_location":[],"wsuwp_university_org":[],"_links":{"self":[{"href":"https:\/\/labs.wsu.edu\/tanaka-lab\/wp-json\/wp\/v2\/pages\/90"}],"collection":[{"href":"https:\/\/labs.wsu.edu\/tanaka-lab\/wp-json\/wp\/v2\/pages"}],"about":[{"href":"https:\/\/labs.wsu.edu\/tanaka-lab\/wp-json\/wp\/v2\/types\/page"}],"author":[{"embeddable":true,"href":"https:\/\/labs.wsu.edu\/tanaka-lab\/wp-json\/wp\/v2\/users\/2755"}],"replies":[{"embeddable":true,"href":"https:\/\/labs.wsu.edu\/tanaka-lab\/wp-json\/wp\/v2\/comments?post=90"}],"version-history":[{"count":45,"href":"https:\/\/labs.wsu.edu\/tanaka-lab\/wp-json\/wp\/v2\/pages\/90\/revisions"}],"predecessor-version":[{"id":3110,"href":"https:\/\/labs.wsu.edu\/tanaka-lab\/wp-json\/wp\/v2\/pages\/90\/revisions\/3110"}],"wp:attachment":[{"href":"https:\/\/labs.wsu.edu\/tanaka-lab\/wp-json\/wp\/v2\/media?parent=90"}],"wp:term":[{"taxonomy":"wsuwp_university_location","embeddable":true,"href":"https:\/\/labs.wsu.edu\/tanaka-lab\/wp-json\/wp\/v2\/wsuwp_university_location?post=90"},{"taxonomy":"wsuwp_university_org","embeddable":true,"href":"https:\/\/labs.wsu.edu\/tanaka-lab\/wp-json\/wp\/v2\/wsuwp_university_org?post=90"}],"curies":[{"name":"wp","href":"https:\/\/api.w.org\/{rel}","templated":true}]}}